{"id":14,"date":"2020-06-22T11:35:13","date_gmt":"2020-06-22T11:35:13","guid":{"rendered":"https:\/\/www.embl.org\/groups\/stegle\/home\/"},"modified":"2025-04-30T16:49:28","modified_gmt":"2025-04-30T16:49:28","slug":"home","status":"publish","type":"page","link":"https:\/\/www.embl.org\/groups\/stegle\/","title":{"rendered":"Home"},"content":{"rendered":"<div class=\"vf-grid vf-grid__col-3 | vf-u-margin__bottom--800\">\n      <div class=\"vf-grid__col--span-2\">\n      <div class=\"vf-content-hub-html\">\n  <!-- Generated by: http:\/\/content.embl.org\/api\/v1\/pattern.html?filter-content-type=profiles&amp;filter-uuid=da015526-b30e-4389-900d-df97a55be4b2&amp;pattern=node-teaser -->\n      <div data-embl-js-conditional-edit=\"28648\">\n              <h1 class=\"vf-lede\">The Stegle group develops and applies statistical and machine learning methods for deciphering molecular variation across individuals, space, and time.<\/p>\r\n\n            <a class=\"vf-text vf-text--body-r vf-link embl-conditional-edit\" rel=\"noopener noreferrer nofollow\" href=\"\/node\/28648\" target=\"_blank\">Edit<\/a>\n    <\/div>\n  <\/div>\n    <\/div>\n      <div >\n\n<!-- <style>\n  .vf-content-hub-html {\n    --vf-stack-margin--custom: unset !important;\n  }\n<\/style> -->\n\n    <div class=\"vf-content-hub-html vf-stack vf-stack--600\" data-cache=\"3ed0d03e\">\n      <!-- Generated by: http:\/\/content.embl.org\/api\/v1\/pattern.html?filter-content-type=person&amp;filter-field-value%5Bfield_person_positions.entity.field_position_membership%5D=leader&amp;filter-field-value%5Bfield_person_positions.entity.field_position_team.entity.field_foreignid%5D=497&amp;filter-ref-entity%5Bfield_person_positions%5D%5Btitle%5D=&amp;filter-ref-entity%5Bfield_person_positions%5D%5Bfield_position_primary%5D=1&amp;hide%5Bteam%2Cmobile%2Cphones%5D=1&amp;limit=5&amp;pattern=vf-profile-inline&amp;sort-field-value%5Bchanged%5D=DESC -->\n                \n                            <article class=\"vf-profile vf-profile--very-easy vf-profile--medium vf-profile--inline\" data-embl-js-conditional-edit=\"83718\">\n              <img decoding=\"async\" class=\"vf-profile__image\" src=\"https:\/\/content.embl.org\/\/sites\/default\/files\/styles\/medium\/public\/persons\/CP-60016314.jpg?itok=SKTOeJ90\" alt=\"image of Oliver Stegle\" \/>\n      \n              <h3 class=\"vf-profile__title\">\n                      <a href=\"https:\/\/www.embl.org\/people\/person\/oliver-stegle\" class=\"vf-profile__link\">Oliver Stegle<\/a>\n                  <\/h3>\n      \n              <p class=\"vf-profile__job-title\">\n          Acting Head of AI centre\n        <\/p>\n      \n      \n      \n      \n      \n      \n              <p class=\"vf-profile__uuid\">\n          <span>ORCID:<\/span>\n          <a class=\"vf-profile__link vf-profile__link--secondary\" href=\"https:\/\/europepmc.org\/authors\/0000-0002-8818-7193\">\n            0000-0002-8818-7193\n          <\/a>\n        <\/p>\n            <a class=\"vf-text vf-text--body-r vf-link embl-conditional-edit\" rel=\"noopener noreferrer nofollow\" href=\"\/node\/83718\/83718\" target=\"_blank\">\n        Edit\n      <\/a>\n    <\/article>\n  <\/div>\n\n  <\/div>\n<\/div>\n\n\n\n<div class=\"vf-grid | vf-grid__col-3\"><div class=\"vf-grid__col--span-2\"><!--[vf\/content]-->\n<div class=\"vf-content\">\n\n<div class=\"vf-box vf-box--easy vf-box-theme--primary | vf-u-margin__bottom--400\">\n                            <p style=\"text-align: center;\">Find out more about our lab at <a href=\"https:\/\/steglelab.org\/\">https:\/\/steglelab.org\/ <\/a><\/p>\n<\/div>\n\n\n<h3 class=\"wp-block-heading\"><br>Our Research<\/h3>\n\n\n\n<p>How does our genetic background shape phenotypic traits or cause diseases such as cancer? How are genetic and environmental factors integrated at different molecular layers, and how variable are molecular states between individual cells?<\/p>\n\n\n\n<p>We use <strong>statistical inference and machine learning <\/strong>as our main tools to address these scientific questions. Growing sample sizes and technological advances demand novel analytical strategies and tools that scale to datasets with millions of observations and account for spatial and temporal dependencies. We develop foundational methods in statistics and machine learning, including efficient parameter inference in models to probe genetic associations and methods for dimensionality reduction.<\/p>\n\n\n\n<div style=\"height:30px\" aria-hidden=\"true\" class=\"wp-block-spacer\"><\/div>\n\n\n\n<h3 class=\"wp-block-heading\">Research Themes<\/h3>\n\n\n\n<div style=\"height:30px\" aria-hidden=\"true\" class=\"wp-block-spacer\"><\/div>\n\n\n\n<div class=\"vf-grid | vf-grid__col-2\"><div><!--[vf\/content]-->\n<div class=\"vf-content\">\n\n<p class=\"has-link-color wp-elements-2b0b3508295ab52a98549f3daed91ff3 vf-u-text-color--blue\"><strong>Computational Genetics<\/strong><\/p>\n\n\n\n<p>We develop statistical methods to dissect often overlooked dimensions of the genotype-phenotype relationship, including genetic effects of rare variants and indirect genetic effects.<\/p>\n\n<\/div>\n<\/div>\n\n\n<div><!--[vf\/content]-->\n<div class=\"vf-content\">\n\n<figure class=\"vf-figure wp-block-image size-full\"><img loading=\"lazy\" decoding=\"async\" width=\"1024\" height=\"576\" class=\"vf-figure__image\" src=\"https:\/\/www.embl.org\/groups\/stegle\/wp-content\/uploads\/2025\/04\/Subgroup_Genetics.jpeg\" alt=\"\" class=\"wp-image-18007\" srcset=\"https:\/\/www.embl.org\/groups\/stegle\/wp-content\/uploads\/2025\/04\/Subgroup_Genetics.jpeg 1024w, https:\/\/www.embl.org\/groups\/stegle\/wp-content\/uploads\/2025\/04\/Subgroup_Genetics-300x169.jpeg 300w, https:\/\/www.embl.org\/groups\/stegle\/wp-content\/uploads\/2025\/04\/Subgroup_Genetics-768x432.jpeg 768w\" sizes=\"auto, (max-width: 1024px) 100vw, 1024px\" \/><\/figure>\n\n<\/div>\n<\/div>\n<\/div>\n\n\n\n<div style=\"height:40px\" aria-hidden=\"true\" class=\"wp-block-spacer\"><\/div>\n\n\n\n<div class=\"vf-grid | vf-grid__col-2\"><div><!--[vf\/content]-->\n<div class=\"vf-content\">\n\n<p class=\"has-link-color wp-elements-d38e7966186811dbeafd7d2f10ae5137 vf-u-text-color--blue\"><strong>Spatial and Multi-Omics<\/strong><\/p>\n\n\n\n<p>We develop foundational methods to integrate high-dimensional molecular profiles assayed in bulk or at the single-cell level. This includes innovations to allow for integrating multi-omics readouts across time and space, as well as methods for spatial omics technologies.<\/p>\n\n<\/div>\n<\/div>\n\n\n<div><!--[vf\/content]-->\n<div class=\"vf-content\">\n\n<figure class=\"vf-figure wp-block-image size-full is-style-default\"><img loading=\"lazy\" decoding=\"async\" width=\"1024\" height=\"576\" class=\"vf-figure__image\" src=\"https:\/\/www.embl.org\/groups\/stegle\/wp-content\/uploads\/2025\/04\/Subgroup_Spatial.jpeg\" alt=\"\" class=\"wp-image-18009\" srcset=\"https:\/\/www.embl.org\/groups\/stegle\/wp-content\/uploads\/2025\/04\/Subgroup_Spatial.jpeg 1024w, https:\/\/www.embl.org\/groups\/stegle\/wp-content\/uploads\/2025\/04\/Subgroup_Spatial-300x169.jpeg 300w, https:\/\/www.embl.org\/groups\/stegle\/wp-content\/uploads\/2025\/04\/Subgroup_Spatial-768x432.jpeg 768w\" sizes=\"auto, (max-width: 1024px) 100vw, 1024px\" \/><\/figure>\n\n<\/div>\n<\/div>\n<\/div>\n\n\n\n<div style=\"height:40px\" aria-hidden=\"true\" class=\"wp-block-spacer\"><\/div>\n\n\n\n<div class=\"vf-grid | vf-grid__col-2\"><div><!--[vf\/content]-->\n<div class=\"vf-content\">\n\n<p class=\"has-link-color wp-elements-0b92275457d81984e36720c621cda8ad vf-u-text-color--blue\"><strong>Causal Inference Models<\/strong><\/p>\n\n\n\n<p>We develop methods to model genetic perturbation effects and infer causality. We leverage opportunities provided by engineered perturbations using CRISPR screens combined with single-cell readouts.<\/p>\n\n<\/div>\n<\/div>\n\n\n<div><!--[vf\/content]-->\n<div class=\"vf-content\">\n\n<figure class=\"vf-figure wp-block-image size-full\"><img loading=\"lazy\" decoding=\"async\" width=\"1024\" height=\"576\" class=\"vf-figure__image\" src=\"https:\/\/www.embl.org\/groups\/stegle\/wp-content\/uploads\/2025\/04\/Subgroup_-Causality.jpeg\" alt=\"\" class=\"wp-image-18011\" srcset=\"https:\/\/www.embl.org\/groups\/stegle\/wp-content\/uploads\/2025\/04\/Subgroup_-Causality.jpeg 1024w, https:\/\/www.embl.org\/groups\/stegle\/wp-content\/uploads\/2025\/04\/Subgroup_-Causality-300x169.jpeg 300w, https:\/\/www.embl.org\/groups\/stegle\/wp-content\/uploads\/2025\/04\/Subgroup_-Causality-768x432.jpeg 768w\" sizes=\"auto, (max-width: 1024px) 100vw, 1024px\" \/><\/figure>\n\n<\/div>\n<\/div>\n<\/div>\n\n\n\n<div style=\"height:15px\" aria-hidden=\"true\" class=\"wp-block-spacer\"><\/div>\n\n\n\n<p><\/p>\n\n\n\n<h3 class=\"wp-block-heading\">Team<\/h3>\n\n\n\n<p>We are an interdisciplinary and international team jointly hosted at the European Molecular Biology Laboratory (EMBL) and the German Cancer Research Center (DKFZ) in Heidelberg. In our team we promote openness and collaboration, and value kindness in everything we do. We take pride in every single member and their achievements and are eager to foster their scientific development.<\/p>\n\n\n\n<figure class=\"vf-figure wp-block-image size-full\"><img loading=\"lazy\" decoding=\"async\" width=\"2048\" height=\"1152\" class=\"vf-figure__image\" src=\"https:\/\/www.embl.org\/groups\/stegle\/wp-content\/uploads\/2025\/04\/Oliver-Stegle-Group-1-min-edited-2048x1152-1.jpg\" alt=\"\" class=\"wp-image-18013\" srcset=\"https:\/\/www.embl.org\/groups\/stegle\/wp-content\/uploads\/2025\/04\/Oliver-Stegle-Group-1-min-edited-2048x1152-1.jpg 2048w, https:\/\/www.embl.org\/groups\/stegle\/wp-content\/uploads\/2025\/04\/Oliver-Stegle-Group-1-min-edited-2048x1152-1-300x169.jpg 300w, https:\/\/www.embl.org\/groups\/stegle\/wp-content\/uploads\/2025\/04\/Oliver-Stegle-Group-1-min-edited-2048x1152-1-1024x576.jpg 1024w, https:\/\/www.embl.org\/groups\/stegle\/wp-content\/uploads\/2025\/04\/Oliver-Stegle-Group-1-min-edited-2048x1152-1-768x432.jpg 768w, https:\/\/www.embl.org\/groups\/stegle\/wp-content\/uploads\/2025\/04\/Oliver-Stegle-Group-1-min-edited-2048x1152-1-1536x864.jpg 1536w\" sizes=\"auto, (max-width: 2048px) 100vw, 2048px\" \/><\/figure>\n\n\n\n<div style=\"height:30px\" aria-hidden=\"true\" class=\"wp-block-spacer\"><\/div>\n\n\n\n<p><\/p>\n\n\n\n<h3 class=\"wp-block-heading\">Selected Publications:<\/h3>\n\n\n\n<ul class=\"wp-block-list\">\n<li>Clarke, B., Holtkamp, E., \u00d6zt\u00fcrk, H., M\u00fcck, M., Wahlberg, M., Meyer, K., Munzlinger, F., Brechtmann, F., H\u00f6lzlwimmer, F. R., Lindner, J., Chen, Z., Gagneur, J., &amp; Stegle, O. Integration of variant annotations using deep set networks boosts rare variant association testing (2024). Nature Genetics [<a href=\"https:\/\/deeprvat.readthedocs.io\/\">software<\/a>] [<a href=\"https:\/\/doi.org\/10.1038\/s41588-024-01919-z\">publication<\/a>]<\/li>\n\n\n\n<li>Marconato, L. , Palla, G. , Yamauchi, K. A. , Virshup, I., Heidari, E., Treis, T., Toth, M., Shrestha, R. B., V\u00f6hringer, H., Huber, W., Gerstung, M., Moore, J. , Theis, F. J. , &amp; Stegle, O. SpatialData: an open and universal data framework for spatial omics (2024). Nature Methods [<a href=\"https:\/\/github.com\/scverse\/spatialdata\">software<\/a>] [<a href=\"https:\/\/www.nature.com\/articles\/s41592-024-02212-x\">publication<\/a>]<\/li>\n\n\n\n<li>Kleshchevnikov, V., Shmatko, A., Dann, E., Aivazidis, A., King, H. W., Li, T., \u2026, Stegle, O. , Bayraktar, O. A.. Cell2location maps fine-grained cell types in spatial transcriptomics (2022). Nature biotechnology [<a href=\"https:\/\/github.com\/BayraktarLab\/cell2location\">software<\/a>] [<a href=\"https:\/\/www.nature.com\/articles\/s41587-021-01139-4\">publication<\/a>]<\/li>\n\n\n\n<li>Velten, B., Braunger, J.M., Argelaguet, R., Arnol, D., Wirbel, J., Bredikhin, D., Zeller, G., Stegle, O. Identifying temporal and spatial patterns of variation from multimodal data using MEFISTO (2022). Nature Methods [<a href=\"https:\/\/github.com\/bioFAM\/MOFA2\">software<\/a>] [<a href=\"https:\/\/www.nature.com\/articles\/s41592-021-01343-9\">publication<\/a>]<\/li>\n\n\n\n<li>Jerber, J., Seaton, D.D., Cuomo, A.S., Kumasaka, N., \u2026(9 additional authors) \u2026, Marioni, J.C., Merkle, F.T., Gaffney, DJ., Stegle, O. Population-scale single-cell RNA-seq profiling across dopaminergic neuron differentiation (2021). Nature Genetics [<a href=\"https:\/\/deeprvat.readthedocs.io\/\">software<\/a>] [<a href=\"https:\/\/doi.org\/10.1038\/s41588-021-00801-6\">publication<\/a>]<\/li>\n\n\n\n<li>Bonder, M.J., Craig, S., Gloudemans, M.J., Fr\u00e9sard, L., Jakubosky, D., D\u2019Antonio, Xin Li, X., \u2026 (12 additional authors) \u2026, Montgomery, S.B., Stegle, O. Identification of rare and common regulatory variants in pluripotent cells using population-scale transcriptomics (2021). Nature Genetics [<a href=\"https:\/\/github.com\/single-cell-genetics\/singlecell_neuroseq_paper\/\">software<\/a>] [<a href=\"https:\/\/doi.org\/10.1038\/nature22403\">publication<\/a>]<\/li>\n<\/ul>\n\n\n\n<p><br>Further Links: <br><a href=\"https:\/\/orcid.org\/0000-0002-8818-7193\" data-type=\"link\" data-id=\"https:\/\/orcid.org\/0000-0002-8818-7193\">Orcid<\/a><br><a href=\"https:\/\/scholar.google.com\/citations?user=ClSXZ4IAAAAJ&amp;hl=en\">Google Scholar<\/a><br><a href=\"https:\/\/github.com\/bioFAM\">GitHub<\/a><br><a href=\"http:\/\/erc.europa.eu\/\">ERC INVESTIGATOR<\/a><\/p>\n\n\n\n<svg aria-hidden=\"true\" display=\"none\" class=\"vf-icon-collection vf-icon-collection--social\">\n  <defs>\n    <g id=\"vf-social--linkedin\">\n      <rect xmlns=\"http:\/\/www.w3.org\/2000\/svg\" width=\"5\" height=\"14\" x=\"2\" y=\"8.5\" rx=\".5\" ry=\".5\" \/>\n      <ellipse xmlns=\"http:\/\/www.w3.org\/2000\/svg\" cx=\"4.48\" cy=\"4\" rx=\"2.48\" ry=\"2.5\" \/>\n      <path xmlns=\"http:\/\/www.w3.org\/2000\/svg\"\n        d=\"M18.5,22.5h3A.5.5,0,0,0,22,22V13.6C22,9.83,19.87,8,16.89,8a4.21,4.21,0,0,0-3.17,1.27A.41.41,0,0,1,13,9a.5.5,0,0,0-.5-.5h-3A.5.5,0,0,0,9,9V22a.5.5,0,0,0,.5.5h3A.5.5,0,0,0,13,22V14.5a2.5,2.5,0,0,1,5,0V22A.5.5,0,0,0,18.5,22.5Z\" \/>\n    <\/g>\n    <g id=\"vf-social--facebook\">\n      <path xmlns=\"http:\/\/www.w3.org\/2000\/svg\"\n        d=\"m18.14 7.17a.5.5 0 0 0 -.37-.17h-3.77v-1.41c0-.28.06-.6.51-.6h3a.44.44 0 0 0 .35-.15.5.5 0 0 0 .14-.34v-4a.5.5 0 0 0 -.5-.5h-4.33c-4.8 0-5.17 4.1-5.17 5.35v1.65h-2.5a.5.5 0 0 0 -.5.5v4a.5.5 0 0 0 .5.5h2.5v11.5a.5.5 0 0 0 .5.5h5a.5.5 0 0 0 .5-.5v-11.5h3.35a.5.5 0 0 0 .5-.45l.42-4a.5.5 0 0 0 -.13-.38z\" \/>\n    <\/g>\n    <g id=\"vf-social--twitter\">\n    <path d=\"M18.244 2.25h3.308l-7.227 8.26 8.502 11.24H16.17l-5.214-6.817L4.99 21.75H1.68l7.73-8.835L1.254 2.25H8.08l4.713 6.231zm-1.161 17.52h1.833L7.084 4.126H5.117z\"><\/path>\n    <\/g>\n    <g id=\"vf-social--youtube\">\n      <path xmlns=\"http:\/\/www.w3.org\/2000\/svg\"\n        d=\"M20.06,3.5H3.94A3.94,3.94,0,0,0,0,7.44v9.12A3.94,3.94,0,0,0,3.94,20.5H20.06A3.94,3.94,0,0,0,24,16.56V7.44A3.94,3.94,0,0,0,20.06,3.5ZM16.54,12,9.77,16.36A.5.5,0,0,1,9,15.94V7.28a.5.5,0,0,1,.77-.42l6.77,4.33a.5.5,0,0,1,0,.84Z\" \/>\n    <\/g>\n    <g id=\"vf-social--instagram\">\n      <path xmlns=\"http:\/\/www.w3.org\/2000\/svg\"\n        d=\"M17.5,0H6.5A6.51,6.51,0,0,0,0,6.5v11A6.51,6.51,0,0,0,6.5,24h11A6.51,6.51,0,0,0,24,17.5V6.5A6.51,6.51,0,0,0,17.5,0ZM12,17.5A5.5,5.5,0,1,1,17.5,12,5.5,5.5,0,0,1,12,17.5Zm6.5-11A1.5,1.5,0,1,1,20,5,1.5,1.5,0,0,1,18.5,6.5Z\" \/>\n    <\/g>\n    <g id=\"vf-social--bluesky\">\n      <path xmlns=\"http:\/\/www.w3.org\/2000\/svg\" d=\"M12 10.8c-1.087 -2.114 -4.046 -6.053 -6.798 -7.995C2.566 0.944 1.561 1.266 0.902 1.565 0.139 1.908 0 3.08 0 3.768c0 0.69 0.378 5.65 0.624 6.479 0.815 2.736 3.713 3.66 6.383 3.364 0.136 -0.02 0.275 -0.039 0.415 -0.056 -0.138 0.022 -0.276 0.04 -0.415 0.056 -3.912 0.58 -7.387 2.005 -2.83 7.078 5.013 5.19 6.87 -1.113 7.823 -4.308 0.953 3.195 2.05 9.271 7.733 4.308 4.267 -4.308 1.172 -6.498 -2.74 -7.078a8.741 8.741 0 0 1 -0.415 -0.056c0.14 0.017 0.279 0.036 0.415 0.056 2.67 0.297 5.568 -0.628 6.383 -3.364 0.246 -0.828 0.624 -5.79 0.624 -6.478 0 -0.69 -0.139 -1.861 -0.902 -2.206 -0.659 -0.298 -1.664 -0.62 -4.3 1.24C16.046 4.748 13.087 8.687 12 10.8\"><\/path>\n    <\/g>\n  <\/defs>\n<\/svg>\n<div class=\"vf-social-links  \">\n    <h3 class=\"vf-social-links__heading\">\n    Follow us  <\/h3>\n    <ul class=\"vf-social-links__list\">\n      <li class=\"vf-social-links__item\">\n      <a class=\"vf-social-links__link\" target=\"_blank\" href=\"https:\/\/www.linkedin.com\/company\/stegle-lab\/\" aria-label=\"Follow us on Linkedin\">\n        <svg aria-hidden=\"true\" class=\"vf-icon vf-icon--social vf-icon--linkedin\" width=\"24\" height=\"24\"\n          viewBox=\"0 0 24 24\" xmlns=\"http:\/\/www.w3.org\/2000\/svg\" version=\"1.1\" preserveAspectRatio=\"xMinYMin\">\n          <use xlink:href=\"#vf-social--linkedin\">\n          <\/use>\n        <\/svg>\n      <\/a>\n    <\/li>\n            <li class=\"vf-social-links__item\">\n      <a class=\"vf-social-links__link\" target=\"_blank\"  href=\"https:\/\/bsky.app\/profile\/steglelab.bsky.social\" aria-label=\"Follow us on Bluesky\">\n        <svg aria-hidden=\"true\" class=\"vf-icon vf-icon--social vf-icon--bluesky\" width=\"24\" height=\"24\"\n          viewBox=\"0 0 24 24\" xmlns=\"http:\/\/www.w3.org\/2000\/svg\" version=\"1.1\" preserveAspectRatio=\"xMinYMin\">\n          <use xlink:href=\"#vf-social--bluesky\">\n          <\/use>\n        <\/svg>\n      <\/a>\n    <\/li>\n                      <\/ul>\n  <\/div>\n\n<\/div>\n<\/div>\n\n\n<div><!--[vf\/content]-->\n<div class=\"vf-content\">\n\n<figure class=\"vf-figure wp-block-image  | vf-figure--align vf-figure--align-centered  size-full is-resized\"><a href=\"https:\/\/steglelab.org\/\"><img loading=\"lazy\" decoding=\"async\" width=\"450\" height=\"412\" class=\"vf-figure__image\" src=\"https:\/\/www.embl.org\/groups\/stegle\/wp-content\/uploads\/2025\/04\/Logo-2.png\" alt=\"\" class=\"wp-image-18083\" style=\"width:250px\" srcset=\"https:\/\/www.embl.org\/groups\/stegle\/wp-content\/uploads\/2025\/04\/Logo-2.png 450w, https:\/\/www.embl.org\/groups\/stegle\/wp-content\/uploads\/2025\/04\/Logo-2-300x275.png 300w\" sizes=\"auto, (max-width: 450px) 100vw, 450px\" \/><\/a><\/figure>\n\n\n\n<div style=\"height:100px\" aria-hidden=\"true\" class=\"wp-block-spacer\"><\/div>\n\n<\/div>\n<\/div>\n<\/div>\n","protected":false},"excerpt":{"rendered":"","protected":false},"author":1,"featured_media":0,"parent":0,"menu_order":0,"comment_status":"closed","ping_status":"closed","template":"","meta":{"_acf_changed":false,"footnotes":""},"embl_taxonomy":[],"class_list":["post-14","page","type-page","status-publish","hentry"],"acf":[],"embl_taxonomy_terms":[],"_links":{"self":[{"href":"https:\/\/www.embl.org\/groups\/stegle\/wp-json\/wp\/v2\/pages\/14","targetHints":{"allow":["GET"]}}],"collection":[{"href":"https:\/\/www.embl.org\/groups\/stegle\/wp-json\/wp\/v2\/pages"}],"about":[{"href":"https:\/\/www.embl.org\/groups\/stegle\/wp-json\/wp\/v2\/types\/page"}],"author":[{"embeddable":true,"href":"https:\/\/www.embl.org\/groups\/stegle\/wp-json\/wp\/v2\/users\/1"}],"replies":[{"embeddable":true,"href":"https:\/\/www.embl.org\/groups\/stegle\/wp-json\/wp\/v2\/comments?post=14"}],"version-history":[{"count":57,"href":"https:\/\/www.embl.org\/groups\/stegle\/wp-json\/wp\/v2\/pages\/14\/revisions"}],"predecessor-version":[{"id":18177,"href":"https:\/\/www.embl.org\/groups\/stegle\/wp-json\/wp\/v2\/pages\/14\/revisions\/18177"}],"wp:attachment":[{"href":"https:\/\/www.embl.org\/groups\/stegle\/wp-json\/wp\/v2\/media?parent=14"}],"wp:term":[{"taxonomy":"embl_taxonomy","embeddable":true,"href":"https:\/\/www.embl.org\/groups\/stegle\/wp-json\/wp\/v2\/embl_taxonomy?post=14"}],"curies":[{"name":"wp","href":"https:\/\/api.w.org\/{rel}","templated":true}]}}