{"id":17663,"date":"2025-04-22T11:25:23","date_gmt":"2025-04-22T11:25:23","guid":{"rendered":"https:\/\/www.embl.org\/groups\/dayton\/?page_id=17663"},"modified":"2025-06-04T09:47:18","modified_gmt":"2025-06-04T09:47:18","slug":"press-releases","status":"publish","type":"page","link":"https:\/\/www.embl.org\/groups\/dayton\/press-releases\/","title":{"rendered":"Press Releases"},"content":{"rendered":"\n<div class=\"vf-grid | vf-grid__col-6\"><div><!--[vf\/content]-->\n<div class=\"vf-content\">\n\n<figure class=\"vf-figure wp-block-image size-large is-resized\"><img loading=\"lazy\" decoding=\"async\" width=\"1024\" height=\"768\" class=\"vf-figure__image\" src=\"https:\/\/www.embl.org\/groups\/dayton\/wp-content\/uploads\/2025\/06\/Screenshot-2025-06-04-at-11.19.50-edited-1-1024x768.png\" alt=\"\" class=\"wp-image-18763\" style=\"width:206px;height:auto\" srcset=\"https:\/\/www.embl.org\/groups\/dayton\/wp-content\/uploads\/2025\/06\/Screenshot-2025-06-04-at-11.19.50-edited-1-1024x768.png 1024w, https:\/\/www.embl.org\/groups\/dayton\/wp-content\/uploads\/2025\/06\/Screenshot-2025-06-04-at-11.19.50-edited-1-300x225.png 300w, https:\/\/www.embl.org\/groups\/dayton\/wp-content\/uploads\/2025\/06\/Screenshot-2025-06-04-at-11.19.50-edited-1-768x576.png 768w, https:\/\/www.embl.org\/groups\/dayton\/wp-content\/uploads\/2025\/06\/Screenshot-2025-06-04-at-11.19.50-edited-1.png 1289w\" sizes=\"auto, (max-width: 1024px) 100vw, 1024px\" \/><\/figure>\n\n<\/div>\n<\/div>\n\n\n<div class=\"vf-grid__col--span-4\"><!--[vf\/content]-->\n<div class=\"vf-content\">\n\n<p><a href=\"https:\/\/www.youtube.com\/watch?v=aWgw4QYncok\">Seminario Frontiers in Genomics 2025<\/a> &#8211; <a href=\"https:\/\/www.lcg.unam.mx\/frontiers-in-genomics\/\">Frontiers in Genomics<\/a> &#8211; Seminar at the Centro de Ciencias Gen\u00f3micas y el Instituto de Biotecnolog\u00eda &#8211; Universidad Nacional Aut\u00f3noma de M\u00e9xico  Campus Morelos.<br><br><br><\/p>\n\n<\/div>\n<\/div>\n\n\n<div><!--[vf\/content]-->\n<div class=\"vf-content\">\n\n<\/div>\n<\/div>\n<\/div>\n\n\n\n<div class=\"vf-grid | vf-grid__col-6\"><div><!--[vf\/content]-->\n<div class=\"vf-content\">\n\n<figure class=\"vf-figure wp-block-image size-full is-resized\"><img loading=\"lazy\" decoding=\"async\" width=\"718\" height=\"539\" class=\"vf-figure__image\" src=\"https:\/\/www.embl.org\/groups\/dayton\/wp-content\/uploads\/2025\/04\/Screenshot-2025-04-10-at-18.24.44-edited.png\" alt=\"\" class=\"wp-image-17839\" style=\"width:206px;height:auto\" srcset=\"https:\/\/www.embl.org\/groups\/dayton\/wp-content\/uploads\/2025\/04\/Screenshot-2025-04-10-at-18.24.44-edited.png 718w, https:\/\/www.embl.org\/groups\/dayton\/wp-content\/uploads\/2025\/04\/Screenshot-2025-04-10-at-18.24.44-edited-300x225.png 300w\" sizes=\"auto, (max-width: 718px) 100vw, 718px\" \/><\/figure>\n\n<\/div>\n<\/div>\n\n\n<div class=\"vf-grid__col--span-4\"><!--[vf\/content]-->\n<div class=\"vf-content\">\n\n<p class=\"vf-text--body vf-text-body--5\">Year 2024<\/p>\n\n\n\n<p><a href=\"https:\/\/www.contraelcancer.es\/es\/investigacion\/proyectos-aecc\/descifrando-papel-genetica-inflamacion-cancer-neuroendocrino-pulmon-paso-hacia-prevencion\">Asociaci\u00f3n Espa\u00f1ola Contra el C\u00e1ncer <\/a>&#8211; Descifrando el papel de la gen\u00e9tica y la inflamaci\u00f3n en el c\u00e1ncer neuroendocrino de pulm\u00f3n: un paso hacia la prevenci\u00f3n.<\/p>\n\n<\/div>\n<\/div>\n\n\n<div><!--[vf\/content]-->\n<div class=\"vf-content\">\n\n<\/div>\n<\/div>\n<\/div>\n\n\n\n<div class=\"embl-grid\"><\/div>\n\n\n\n<div class=\"vf-grid | vf-grid__col-6\"><div><!--[vf\/content]-->\n<div class=\"vf-content\">\n\n<figure class=\"vf-figure wp-block-image size-full is-resized\"><img loading=\"lazy\" decoding=\"async\" width=\"579\" height=\"428\" class=\"vf-figure__image\" src=\"https:\/\/www.embl.org\/groups\/dayton\/wp-content\/uploads\/2025\/04\/jne.v36.s1.cover_.jpg\" alt=\"\" class=\"wp-image-17735\" style=\"width:207px;height:auto\" srcset=\"https:\/\/www.embl.org\/groups\/dayton\/wp-content\/uploads\/2025\/04\/jne.v36.s1.cover_.jpg 579w, https:\/\/www.embl.org\/groups\/dayton\/wp-content\/uploads\/2025\/04\/jne.v36.s1.cover_-300x222.jpg 300w\" sizes=\"auto, (max-width: 579px) 100vw, 579px\" \/><\/figure>\n\n<\/div>\n<\/div>\n\n\n<div class=\"vf-grid__col--span-4\"><!--[vf\/content]-->\n<div class=\"vf-content\">\n\n<p class=\"vf-text--body vf-text-body--5\">18.03.2024<\/p>\n\n\n\n<p><a href=\"https:\/\/netrf.org\/2024\/03\/18\/netrf-funded-researchers-win-top-awards-at-enets\/\">ENETS best paper of the year <\/a>&#8211; At the&nbsp;21st ENETS Annual Conference&nbsp;in Vienna,&nbsp;Dr. Talya Dayton&nbsp;and her team were honored with the&nbsp;Best NET Basic Science Paper of the Year&nbsp;award for their outstanding research on neuroendocrine tumors (NETs).&nbsp;<\/p>\n\n<\/div>\n<\/div>\n\n\n<div><!--[vf\/content]-->\n<div class=\"vf-content\">\n\n<\/div>\n<\/div>\n<\/div>\n\n\n\n<div class=\"vf-grid | vf-grid__col-6\"><div><!--[vf\/content]-->\n<div class=\"vf-content\">\n\n<figure class=\"vf-figure wp-block-image size-full is-resized\"><img loading=\"lazy\" decoding=\"async\" width=\"859\" height=\"644\" class=\"vf-figure__image\" src=\"https:\/\/www.embl.org\/groups\/dayton\/wp-content\/uploads\/2025\/04\/Screenshot-2025-04-04-at-10.34.12-edited.png\" alt=\"\" class=\"wp-image-17707\" style=\"width:208px;height:auto\" srcset=\"https:\/\/www.embl.org\/groups\/dayton\/wp-content\/uploads\/2025\/04\/Screenshot-2025-04-04-at-10.34.12-edited.png 859w, https:\/\/www.embl.org\/groups\/dayton\/wp-content\/uploads\/2025\/04\/Screenshot-2025-04-04-at-10.34.12-edited-300x225.png 300w, https:\/\/www.embl.org\/groups\/dayton\/wp-content\/uploads\/2025\/04\/Screenshot-2025-04-04-at-10.34.12-edited-768x576.png 768w\" sizes=\"auto, (max-width: 859px) 100vw, 859px\" \/><\/figure>\n\n\n\n<div class=\"vf-grid | vf-grid__col-0\"><\/div>\n\n<\/div>\n<\/div>\n\n\n<div class=\"vf-grid__col--span-4\"><!--[vf\/content]-->\n<div class=\"vf-content\">\n\n<p class=\"vf-text--body vf-text-body--5\">14.02.2024<\/p>\n\n\n\n<p class=\"vf-text--body vf-text-body--2\"><a href=\"https:\/\/ellipse.prbb.org\/talya-dayton-embl-barcelona-feeling-uncomfortable-is-a-sign-of-learning\/\">Feeling uncomfortable is a sign of learning<\/a> &#8211; Dr. Talya Dayton presents her research with lung organoids to better understand cancer in a new episode of the PRBB podcast \u2018Absolutos y Relativos\u2019.<\/p>\n\n<\/div>\n<\/div>\n\n\n<div><!--[vf\/content]-->\n<div class=\"vf-content\">\n\n<\/div>\n<\/div>\n<\/div>\n\n\n\n<div class=\"vf-grid | vf-grid__col-6\"><div><!--[vf\/content]-->\n<div class=\"vf-content\">\n\n<figure class=\"vf-figure wp-block-image size-full is-resized\"><img loading=\"lazy\" decoding=\"async\" width=\"1017\" height=\"678\" class=\"vf-figure__image\" src=\"https:\/\/www.embl.org\/groups\/dayton\/wp-content\/uploads\/2025\/04\/Screenshot-2025-04-04-at-11.31.11-edited-2.png\" alt=\"\" class=\"wp-image-17717\" style=\"width:212px;height:auto\" srcset=\"https:\/\/www.embl.org\/groups\/dayton\/wp-content\/uploads\/2025\/04\/Screenshot-2025-04-04-at-11.31.11-edited-2.png 1017w, https:\/\/www.embl.org\/groups\/dayton\/wp-content\/uploads\/2025\/04\/Screenshot-2025-04-04-at-11.31.11-edited-2-300x200.png 300w, https:\/\/www.embl.org\/groups\/dayton\/wp-content\/uploads\/2025\/04\/Screenshot-2025-04-04-at-11.31.11-edited-2-768x512.png 768w\" sizes=\"auto, (max-width: 1017px) 100vw, 1017px\" \/><\/figure>\n\n<\/div>\n<\/div>\n\n\n<div class=\"vf-grid__col--span-4\"><!--[vf\/content]-->\n<div class=\"vf-content\">\n\n<p class=\"vf-text--body vf-text-body--5\">14.02.2024<\/p>\n\n\n\n<p><a href=\"https:\/\/ellipse.prbb.org\/organoid-cultures-to-understand-cancer\/\">Organiod culture to understant cancer<\/a> &#8211; A new organiod model mimics the behavios of neuroendocrine tumour and provide a powerful tool for studying them in the laboratory.<\/p>\n\n<\/div>\n<\/div>\n\n\n<div><!--[vf\/content]-->\n<div class=\"vf-content\">\n\n<\/div>\n<\/div>\n<\/div>\n\n\n\n<div class=\"vf-grid | vf-grid__col-6\"><div><!--[vf\/content]-->\n<div class=\"vf-content\">\n\n<figure class=\"vf-figure wp-block-image size-large is-resized\"><img loading=\"lazy\" decoding=\"async\" width=\"1600\" height=\"1067\" class=\"vf-figure__image\" src=\"https:\/\/www.embl.org\/groups\/dayton\/wp-content\/uploads\/2025\/04\/8931381C-3839-435C-B2C3-55B09605A493_1_201_a-edited.jpeg\" alt=\"\" class=\"wp-image-17725\" style=\"width:214px;height:auto\" srcset=\"https:\/\/www.embl.org\/groups\/dayton\/wp-content\/uploads\/2025\/04\/8931381C-3839-435C-B2C3-55B09605A493_1_201_a-edited.jpeg 1600w, https:\/\/www.embl.org\/groups\/dayton\/wp-content\/uploads\/2025\/04\/8931381C-3839-435C-B2C3-55B09605A493_1_201_a-edited-300x200.jpeg 300w, https:\/\/www.embl.org\/groups\/dayton\/wp-content\/uploads\/2025\/04\/8931381C-3839-435C-B2C3-55B09605A493_1_201_a-edited-1024x683.jpeg 1024w, https:\/\/www.embl.org\/groups\/dayton\/wp-content\/uploads\/2025\/04\/8931381C-3839-435C-B2C3-55B09605A493_1_201_a-edited-768x512.jpeg 768w, https:\/\/www.embl.org\/groups\/dayton\/wp-content\/uploads\/2025\/04\/8931381C-3839-435C-B2C3-55B09605A493_1_201_a-edited-1536x1024.jpeg 1536w\" sizes=\"auto, (max-width: 1600px) 100vw, 1600px\" \/><\/figure>\n\n<\/div>\n<\/div>\n\n\n<div class=\"vf-grid__col--span-4\"><!--[vf\/content]-->\n<div class=\"vf-content\">\n\n<p class=\"vf-text--body vf-text-body--5\">20.11.2022<\/p>\n\n\n\n<p><a href=\"https:\/\/www.embl.org\/news\/lab-matters\/welcome-to-embl-talya-dayton\/\">Welcome at Embl Barcelona<\/a> &#8211; Dr. Talya Dayton recentely joined EMBL Barcelona. With her vision and leadership, her new lab will explore the fundamental principle of cellular behaviour in health, driving forward our understanding of life at its most essential level.<\/p>\n\n<\/div>\n<\/div>\n\n\n<div><!--[vf\/content]-->\n<div class=\"vf-content\">\n\n<\/div>\n<\/div>\n<\/div>\n\n\n\n<div class=\"vf-grid | vf-grid__col-6\"><div><!--[vf\/content]-->\n<div class=\"vf-content\">\n\n<figure class=\"vf-figure wp-block-image size-large is-resized\"><img loading=\"lazy\" decoding=\"async\" width=\"979\" height=\"734\" class=\"vf-figure__image\" src=\"https:\/\/www.embl.org\/groups\/dayton\/wp-content\/uploads\/2025\/04\/Screenshot-2025-04-04-at-12.22.15-edited.png\" alt=\"\" class=\"wp-image-17731\" style=\"width:209px;height:auto\" srcset=\"https:\/\/www.embl.org\/groups\/dayton\/wp-content\/uploads\/2025\/04\/Screenshot-2025-04-04-at-12.22.15-edited.png 979w, https:\/\/www.embl.org\/groups\/dayton\/wp-content\/uploads\/2025\/04\/Screenshot-2025-04-04-at-12.22.15-edited-300x225.png 300w, https:\/\/www.embl.org\/groups\/dayton\/wp-content\/uploads\/2025\/04\/Screenshot-2025-04-04-at-12.22.15-edited-768x576.png 768w\" sizes=\"auto, (max-width: 979px) 100vw, 979px\" \/><\/figure>\n\n<\/div>\n<\/div>\n\n\n<div class=\"vf-grid__col--span-4\"><!--[vf\/content]-->\n<div class=\"vf-content\">\n\n<p class=\"vf-text--body vf-text-body--5\">11.05.2022<\/p>\n\n\n\n<p><a href=\"https:\/\/netrf.org\/2020\/05\/11\/new-hope-for-understanding-and-treating-nets-2\/\">Organoids Reaserch Recognized at ENETS <\/a>&#8211; A NETRF funded study on the development of organoids won the Presidential Award for Basic Science at the 2020 annual meeting of the European Neuroendocrine Tumor Society (ENETS).<\/p>\n\n<\/div>\n<\/div>\n\n\n<div><!--[vf\/content]-->\n<div class=\"vf-content\">\n\n<\/div>\n<\/div>\n<\/div>\n\n\n\n<p><\/p>\n","protected":false},"excerpt":{"rendered":"","protected":false},"author":9,"featured_media":0,"parent":0,"menu_order":0,"comment_status":"closed","ping_status":"closed","template":"template-title-left-aligned.php","meta":{"_acf_changed":false,"footnotes":""},"embl_taxonomy":[],"class_list":["post-17663","page","type-page","status-publish","hentry"],"acf":[],"embl_taxonomy_terms":[],"_links":{"self":[{"href":"https:\/\/www.embl.org\/groups\/dayton\/wp-json\/wp\/v2\/pages\/17663","targetHints":{"allow":["GET"]}}],"collection":[{"href":"https:\/\/www.embl.org\/groups\/dayton\/wp-json\/wp\/v2\/pages"}],"about":[{"href":"https:\/\/www.embl.org\/groups\/dayton\/wp-json\/wp\/v2\/types\/page"}],"author":[{"embeddable":true,"href":"https:\/\/www.embl.org\/groups\/dayton\/wp-json\/wp\/v2\/users\/9"}],"replies":[{"embeddable":true,"href":"https:\/\/www.embl.org\/groups\/dayton\/wp-json\/wp\/v2\/comments?post=17663"}],"version-history":[{"count":31,"href":"https:\/\/www.embl.org\/groups\/dayton\/wp-json\/wp\/v2\/pages\/17663\/revisions"}],"predecessor-version":[{"id":20807,"href":"https:\/\/www.embl.org\/groups\/dayton\/wp-json\/wp\/v2\/pages\/17663\/revisions\/20807"}],"wp:attachment":[{"href":"https:\/\/www.embl.org\/groups\/dayton\/wp-json\/wp\/v2\/media?parent=17663"}],"wp:term":[{"taxonomy":"embl_taxonomy","embeddable":true,"href":"https:\/\/www.embl.org\/groups\/dayton\/wp-json\/wp\/v2\/embl_taxonomy?post=17663"}],"curies":[{"name":"wp","href":"https:\/\/api.w.org\/{rel}","templated":true}]}}

<div class="vf-grid | vf-grid__col-6"><div><!--[vf/content]-->
<div class="vf-content">

<figure class="vf-figure wp-block-image size-large is-resized"><img loading="lazy" decoding="async" width="1024" height="768" class="vf-figure__image" src="https://www.embl.org/groups/dayton/wp-content/uploads/2025/06/Screenshot-2025-06-04-at-11.19.50-edited-1-1024x768.png" alt="" class="wp-image-18763" style="width:206px;height:auto" srcset="https://www.embl.org/groups/dayton/wp-content/uploads/2025/06/Screenshot-2025-06-04-at-11.19.50-edited-1-1024x768.png 1024w, https://www.embl.org/groups/dayton/wp-content/uploads/2025/06/Screenshot-2025-06-04-at-11.19.50-edited-1-300x225.png 300w, https://www.embl.org/groups/dayton/wp-content/uploads/2025/06/Screenshot-2025-06-04-at-11.19.50-edited-1-768x576.png 768w, https://www.embl.org/groups/dayton/wp-content/uploads/2025/06/Screenshot-2025-06-04-at-11.19.50-edited-1.png 1289w" sizes="auto, (max-width: 1024px) 100vw, 1024px" /></figure>

</div>
</div>


<div class="vf-grid__col--span-4"><!--[vf/content]-->
<div class="vf-content">

<p><a href="https://www.youtube.com/watch?v=aWgw4QYncok">Seminario Frontiers in Genomics 2025</a> &#8211; <a href="https://www.lcg.unam.mx/frontiers-in-genomics/">Frontiers in Genomics</a> &#8211; Seminar at the Centro de Ciencias Genómicas y el Instituto de Biotecnología &#8211; Universidad Nacional Autónoma de México  Campus Morelos.<br><br><br></p>

</div>
</div>


<div><!--[vf/content]-->
<div class="vf-content">

</div>
</div>
</div>



<div class="vf-grid | vf-grid__col-6"><div><!--[vf/content]-->
<div class="vf-content">

<figure class="vf-figure wp-block-image size-full is-resized"><img loading="lazy" decoding="async" width="718" height="539" class="vf-figure__image" src="https://www.embl.org/groups/dayton/wp-content/uploads/2025/04/Screenshot-2025-04-10-at-18.24.44-edited.png" alt="" class="wp-image-17839" style="width:206px;height:auto" srcset="https://www.embl.org/groups/dayton/wp-content/uploads/2025/04/Screenshot-2025-04-10-at-18.24.44-edited.png 718w, https://www.embl.org/groups/dayton/wp-content/uploads/2025/04/Screenshot-2025-04-10-at-18.24.44-edited-300x225.png 300w" sizes="auto, (max-width: 718px) 100vw, 718px" /></figure>

</div>
</div>


<div class="vf-grid__col--span-4"><!--[vf/content]-->
<div class="vf-content">

<p class="vf-text--body vf-text-body--5">Year 2024</p>



<p><a href="https://www.contraelcancer.es/es/investigacion/proyectos-aecc/descifrando-papel-genetica-inflamacion-cancer-neuroendocrino-pulmon-paso-hacia-prevencion">Asociación Española Contra el Cáncer </a>&#8211; Descifrando el papel de la genética y la inflamación en el cáncer neuroendocrino de pulmón: un paso hacia la prevención.</p>

</div>
</div>


<div><!--[vf/content]-->
<div class="vf-content">

</div>
</div>
</div>



<div class="embl-grid"></div>



<div class="vf-grid | vf-grid__col-6"><div><!--[vf/content]-->
<div class="vf-content">

<figure class="vf-figure wp-block-image size-full is-resized"><img loading="lazy" decoding="async" width="579" height="428" class="vf-figure__image" src="https://www.embl.org/groups/dayton/wp-content/uploads/2025/04/jne.v36.s1.cover_.jpg" alt="" class="wp-image-17735" style="width:207px;height:auto" srcset="https://www.embl.org/groups/dayton/wp-content/uploads/2025/04/jne.v36.s1.cover_.jpg 579w, https://www.embl.org/groups/dayton/wp-content/uploads/2025/04/jne.v36.s1.cover_-300x222.jpg 300w" sizes="auto, (max-width: 579px) 100vw, 579px" /></figure>

</div>
</div>


<div class="vf-grid__col--span-4"><!--[vf/content]-->
<div class="vf-content">

<p class="vf-text--body vf-text-body--5">18.03.2024</p>



<p><a href="https://netrf.org/2024/03/18/netrf-funded-researchers-win-top-awards-at-enets/">ENETS best paper of the year </a>&#8211; At the&nbsp;21st ENETS Annual Conference&nbsp;in Vienna,&nbsp;Dr. Talya Dayton&nbsp;and her team were honored with the&nbsp;Best NET Basic Science Paper of the Year&nbsp;award for their outstanding research on neuroendocrine tumors (NETs).&nbsp;</p>

</div>
</div>


<div><!--[vf/content]-->
<div class="vf-content">

</div>
</div>
</div>



<div class="vf-grid | vf-grid__col-6"><div><!--[vf/content]-->
<div class="vf-content">

<figure class="vf-figure wp-block-image size-full is-resized"><img loading="lazy" decoding="async" width="859" height="644" class="vf-figure__image" src="https://www.embl.org/groups/dayton/wp-content/uploads/2025/04/Screenshot-2025-04-04-at-10.34.12-edited.png" alt="" class="wp-image-17707" style="width:208px;height:auto" srcset="https://www.embl.org/groups/dayton/wp-content/uploads/2025/04/Screenshot-2025-04-04-at-10.34.12-edited.png 859w, https://www.embl.org/groups/dayton/wp-content/uploads/2025/04/Screenshot-2025-04-04-at-10.34.12-edited-300x225.png 300w, https://www.embl.org/groups/dayton/wp-content/uploads/2025/04/Screenshot-2025-04-04-at-10.34.12-edited-768x576.png 768w" sizes="auto, (max-width: 859px) 100vw, 859px" /></figure>



<div class="vf-grid | vf-grid__col-0"></div>

</div>
</div>


<div class="vf-grid__col--span-4"><!--[vf/content]-->
<div class="vf-content">

<p class="vf-text--body vf-text-body--5">14.02.2024</p>



<p class="vf-text--body vf-text-body--2"><a href="https://ellipse.prbb.org/talya-dayton-embl-barcelona-feeling-uncomfortable-is-a-sign-of-learning/">Feeling uncomfortable is a sign of learning</a> &#8211; Dr. Talya Dayton presents her research with lung organoids to better understand cancer in a new episode of the PRBB podcast ‘Absolutos y Relativos’.</p>

</div>
</div>


<div><!--[vf/content]-->
<div class="vf-content">

</div>
</div>
</div>



<div class="vf-grid | vf-grid__col-6"><div><!--[vf/content]-->
<div class="vf-content">

<figure class="vf-figure wp-block-image size-full is-resized"><img loading="lazy" decoding="async" width="1017" height="678" class="vf-figure__image" src="https://www.embl.org/groups/dayton/wp-content/uploads/2025/04/Screenshot-2025-04-04-at-11.31.11-edited-2.png" alt="" class="wp-image-17717" style="width:212px;height:auto" srcset="https://www.embl.org/groups/dayton/wp-content/uploads/2025/04/Screenshot-2025-04-04-at-11.31.11-edited-2.png 1017w, https://www.embl.org/groups/dayton/wp-content/uploads/2025/04/Screenshot-2025-04-04-at-11.31.11-edited-2-300x200.png 300w, https://www.embl.org/groups/dayton/wp-content/uploads/2025/04/Screenshot-2025-04-04-at-11.31.11-edited-2-768x512.png 768w" sizes="auto, (max-width: 1017px) 100vw, 1017px" /></figure>

</div>
</div>


<div class="vf-grid__col--span-4"><!--[vf/content]-->
<div class="vf-content">

<p class="vf-text--body vf-text-body--5">14.02.2024</p>



<p><a href="https://ellipse.prbb.org/organoid-cultures-to-understand-cancer/">Organiod culture to understant cancer</a> &#8211; A new organiod model mimics the behavios of neuroendocrine tumour and provide a powerful tool for studying them in the laboratory.</p>

</div>
</div>


<div><!--[vf/content]-->
<div class="vf-content">

</div>
</div>
</div>



<div class="vf-grid | vf-grid__col-6"><div><!--[vf/content]-->
<div class="vf-content">

<figure class="vf-figure wp-block-image size-large is-resized"><img loading="lazy" decoding="async" width="1600" height="1067" class="vf-figure__image" src="https://www.embl.org/groups/dayton/wp-content/uploads/2025/04/8931381C-3839-435C-B2C3-55B09605A493_1_201_a-edited.jpeg" alt="" class="wp-image-17725" style="width:214px;height:auto" srcset="https://www.embl.org/groups/dayton/wp-content/uploads/2025/04/8931381C-3839-435C-B2C3-55B09605A493_1_201_a-edited.jpeg 1600w, https://www.embl.org/groups/dayton/wp-content/uploads/2025/04/8931381C-3839-435C-B2C3-55B09605A493_1_201_a-edited-300x200.jpeg 300w, https://www.embl.org/groups/dayton/wp-content/uploads/2025/04/8931381C-3839-435C-B2C3-55B09605A493_1_201_a-edited-1024x683.jpeg 1024w, https://www.embl.org/groups/dayton/wp-content/uploads/2025/04/8931381C-3839-435C-B2C3-55B09605A493_1_201_a-edited-768x512.jpeg 768w, https://www.embl.org/groups/dayton/wp-content/uploads/2025/04/8931381C-3839-435C-B2C3-55B09605A493_1_201_a-edited-1536x1024.jpeg 1536w" sizes="auto, (max-width: 1600px) 100vw, 1600px" /></figure>

</div>
</div>


<div class="vf-grid__col--span-4"><!--[vf/content]-->
<div class="vf-content">

<p class="vf-text--body vf-text-body--5">20.11.2022</p>



<p><a href="https://www.embl.org/news/lab-matters/welcome-to-embl-talya-dayton/">Welcome at Embl Barcelona</a> &#8211; Dr. Talya Dayton recentely joined EMBL Barcelona. With her vision and leadership, her new lab will explore the fundamental principle of cellular behaviour in health, driving forward our understanding of life at its most essential level.</p>

</div>
</div>


<div><!--[vf/content]-->
<div class="vf-content">

</div>
</div>
</div>



<div class="vf-grid | vf-grid__col-6"><div><!--[vf/content]-->
<div class="vf-content">

<figure class="vf-figure wp-block-image size-large is-resized"><img loading="lazy" decoding="async" width="979" height="734" class="vf-figure__image" src="https://www.embl.org/groups/dayton/wp-content/uploads/2025/04/Screenshot-2025-04-04-at-12.22.15-edited.png" alt="" class="wp-image-17731" style="width:209px;height:auto" srcset="https://www.embl.org/groups/dayton/wp-content/uploads/2025/04/Screenshot-2025-04-04-at-12.22.15-edited.png 979w, https://www.embl.org/groups/dayton/wp-content/uploads/2025/04/Screenshot-2025-04-04-at-12.22.15-edited-300x225.png 300w, https://www.embl.org/groups/dayton/wp-content/uploads/2025/04/Screenshot-2025-04-04-at-12.22.15-edited-768x576.png 768w" sizes="auto, (max-width: 979px) 100vw, 979px" /></figure>

</div>
</div>


<div class="vf-grid__col--span-4"><!--[vf/content]-->
<div class="vf-content">

<p class="vf-text--body vf-text-body--5">11.05.2022</p>



<p><a href="https://netrf.org/2020/05/11/new-hope-for-understanding-and-treating-nets-2/">Organoids Reaserch Recognized at ENETS </a>&#8211; A NETRF funded study on the development of organoids won the Presidential Award for Basic Science at the 2020 annual meeting of the European Neuroendocrine Tumor Society (ENETS).</p>

</div>
</div>


<div><!--[vf/content]-->
<div class="vf-content">

</div>
</div>
</div>



<p></p>
