{"id":204,"date":"2020-08-24T07:38:34","date_gmt":"2020-08-24T07:38:34","guid":{"rendered":"https:\/\/www.embl.org\/about\/info\/course-and-conference-office\/?page_id=204"},"modified":"2022-11-24T12:47:51","modified_gmt":"2022-11-24T12:47:51","slug":"facts-and-figures","status":"publish","type":"page","link":"https:\/\/www.embl.org\/about\/info\/course-and-conference-office\/embl-advanced-training-centre-atc\/facts-and-figures\/","title":{"rendered":"Facts and figures"},"content":{"rendered":"\n<div class=\"vf-grid | vf-grid__col-3\"><div class=\"vf-grid__col--span-2\"><!--[vf\/content]-->\n<div class=\"vf-content\">\n\n<p class=\"vf-lede\">As part of the European Molecular Biology Laboratory (EMBL), the EMBL Advanced Training Centre is an ideal venue for advanced training which is one of\u00a0<a href=\"https:\/\/www.embl.org\/about\/missions\/\">EMBL&#8217;s five core missions<\/a>.<\/p>\n<!--\/vf-lede-->\n\n\n\n<p><\/p>\n\n\n\n<p>The Advanced Training Centre project was funded by generous contributions from the host country, Germany, the&nbsp;<a rel=\"noreferrer noopener\" href=\"http:\/\/www.klaus-tschira-stiftung.de\/\" target=\"_blank\">Klaus Tschira Foundation<\/a>, and the EMBL member states. The EMBL Advanced Training Centre also benefits from the support of its corporate partners through the&nbsp;<a href=\"https:\/\/www.embl.org\/about\/info\/support\/embl-corporate-partnership-programme\/\">Corporate Partnership Programme<\/a>.<\/p>\n\n\n\n<p><strong>Quick Facts:<\/strong><\/p>\n\n\n\n<ul class=\"wp-block-list\"><li>The building has a total volume of 79,228 m\u00b3. This equals the contents of 240 mil. coke cans!<\/li><li>It takes up an effective area of 10,037 m\u00b2. This equals 2 \u00bd football fields.<\/li><li>The outer surface is 4,100 m\u00b2 and the glass surface is 3,200 m\u00b2 (120t glass)<br>The glass surface of the dome of the Reichstag in Berlin is by comparison 3,000 m\u00b2<\/li><li>The ceiling height in the Foyer Auditorium is 30 m.<br>The height of the Wasserturm in Mannheim is by comparison 60 m.<\/li><li>The project employed 21 consultants and specialist planners,<br>and 120 building workers at the peak time<\/li><\/ul>\n\n<\/div>\n<\/div>\n\n\n<div class=\"\"><!--[vf\/content]-->\n<div class=\"vf-content\">\n\n<figure class=\"vf-figure wp-block-image size-full\"><a href=\"http:\/\/medias01-web.embl.de\/mediasite\/SilverlightPlayer\/Default.aspx?peid=aa6834d426014fdfaf2153052dbe20b51d\"><img loading=\"lazy\" decoding=\"async\" width=\"375\" height=\"215\" class=\"vf-figure__image\" src=\"https:\/\/www.embl.org\/about\/info\/course-and-conference-office\/wp-content\/uploads\/2021\/03\/atc-time-lapse.jpg\" alt=\"\" class=\"wp-image-2470\" srcset=\"https:\/\/www.embl.org\/about\/info\/course-and-conference-office\/wp-content\/uploads\/2021\/03\/atc-time-lapse.jpg 375w, https:\/\/www.embl.org\/about\/info\/course-and-conference-office\/wp-content\/uploads\/2021\/03\/atc-time-lapse-300x172.jpg 300w\" sizes=\"auto, (max-width: 375px) 100vw, 375px\" \/><\/a><figcaption class=\"vf-figure__caption\">Watch the time lapse movie of the construction progress<\/figcaption><\/figure>\n\n\n\n<p><\/p>\n\n<\/div>\n<\/div>\n<\/div>\n\n\n\n<div class=\"vf-grid | vf-grid__col-3\"><div class=\"\"><!--[vf\/content]-->\n<div class=\"vf-content\">\n\n<figure class=\"vf-figure wp-block-image size-large\"><a href=\"https:\/\/www.embl.org\/about\/info\/course-and-conference-office\/wp-content\/uploads\/2020\/08\/construction1_large.jpg\"><img loading=\"lazy\" decoding=\"async\" width=\"800\" height=\"533\" class=\"vf-figure__image\" src=\"https:\/\/www.embl.org\/about\/info\/course-and-conference-office\/wp-content\/uploads\/2020\/08\/construction1_large.jpg\" alt=\"\" class=\"wp-image-207\" srcset=\"https:\/\/www.embl.org\/about\/info\/course-and-conference-office\/wp-content\/uploads\/2020\/08\/construction1_large.jpg 800w, https:\/\/www.embl.org\/about\/info\/course-and-conference-office\/wp-content\/uploads\/2020\/08\/construction1_large-300x200.jpg 300w, https:\/\/www.embl.org\/about\/info\/course-and-conference-office\/wp-content\/uploads\/2020\/08\/construction1_large-768x512.jpg 768w\" sizes=\"auto, (max-width: 800px) 100vw, 800px\" \/><\/a><figcaption class=\"vf-figure__caption\">ATC construction site<\/figcaption><\/figure>\n\n<\/div>\n<\/div>\n\n\n<div class=\"\"><!--[vf\/content]-->\n<div class=\"vf-content\">\n\n<figure class=\"vf-figure wp-block-image size-large\"><a href=\"https:\/\/www.embl.org\/about\/info\/course-and-conference-office\/wp-content\/uploads\/2020\/08\/construction2_large.jpg\"><img loading=\"lazy\" decoding=\"async\" width=\"800\" height=\"534\" class=\"vf-figure__image\" src=\"https:\/\/www.embl.org\/about\/info\/course-and-conference-office\/wp-content\/uploads\/2020\/08\/construction2_large.jpg\" alt=\"\" class=\"wp-image-206\" srcset=\"https:\/\/www.embl.org\/about\/info\/course-and-conference-office\/wp-content\/uploads\/2020\/08\/construction2_large.jpg 800w, https:\/\/www.embl.org\/about\/info\/course-and-conference-office\/wp-content\/uploads\/2020\/08\/construction2_large-300x200.jpg 300w, https:\/\/www.embl.org\/about\/info\/course-and-conference-office\/wp-content\/uploads\/2020\/08\/construction2_large-768x513.jpg 768w\" sizes=\"auto, (max-width: 800px) 100vw, 800px\" \/><\/a><figcaption class=\"vf-figure__caption\">ATC construction site<\/figcaption><\/figure>\n\n<\/div>\n<\/div>\n\n\n<div class=\"\"><!--[vf\/content]-->\n<div class=\"vf-content\">\n\n<figure class=\"vf-figure wp-block-image size-large\"><a href=\"https:\/\/www.embl.org\/about\/info\/course-and-conference-office\/wp-content\/uploads\/2020\/08\/construction3_large.jpg\"><img loading=\"lazy\" decoding=\"async\" width=\"800\" height=\"533\" class=\"vf-figure__image\" src=\"https:\/\/www.embl.org\/about\/info\/course-and-conference-office\/wp-content\/uploads\/2020\/08\/construction3_large.jpg\" alt=\"\" class=\"wp-image-205\" srcset=\"https:\/\/www.embl.org\/about\/info\/course-and-conference-office\/wp-content\/uploads\/2020\/08\/construction3_large.jpg 800w, https:\/\/www.embl.org\/about\/info\/course-and-conference-office\/wp-content\/uploads\/2020\/08\/construction3_large-300x200.jpg 300w, https:\/\/www.embl.org\/about\/info\/course-and-conference-office\/wp-content\/uploads\/2020\/08\/construction3_large-768x512.jpg 768w\" sizes=\"auto, (max-width: 800px) 100vw, 800px\" \/><\/a><figcaption class=\"vf-figure__caption\">ATC construction site<\/figcaption><\/figure>\n\n<\/div>\n<\/div>\n<\/div>\n\n\n\n<div class=\"vf-grid | vf-grid__col-3\"><div class=\"vf-grid__col--span-2\"><!--[vf\/content]-->\n<div class=\"vf-content\">\n\n<h3 class=\"wp-block-heading\">Press archive<\/h3>\n\n\n\n<details  class=\"vf-details\" id=\"\"  >\n<summary class=\"vf-details--summary\">\n2011 \u2013  2010<\/summary>\n<div class=\"acf-innerblocks-container\">\n\n<p><a rel=\"noreferrer noopener\" href=\"https:\/\/www.embl.de\/training\/cco\/atc\/facts\/press_archive\/IHK_Magazin_04_2011.pdf\" target=\"_blank\">Die Kongresslandschat bl\u00fcht wieder auf<\/a><br>IHK Magazin Rhein-Neckar, April 2011<\/p>\n\n\n\n<p><a rel=\"noreferrer noopener\" href=\"https:\/\/www.embl.de\/training\/cco\/atc\/facts\/press_archive\/TW_02_2011.pdf\" target=\"_blank\">Studienreise Metropolregion Rhein-Neckar<\/a><br>TW TagungsWirtschaft, February 2011<\/p>\n\n\n\n<p><a rel=\"noreferrer noopener\" href=\"https:\/\/www.embl.de\/training\/cco\/atc\/facts\/press_archive\/RNZ5_03_2010.pdf\" target=\"_blank\">F\u00fcr die kl\u00fcgsten K\u00f6pfe der Welt<\/a><br>Rhein-Neckar-Zeitung, 10 March 2010<\/p>\n\n\n\n<p><a rel=\"noreferrer noopener\" href=\"https:\/\/www.embl.de\/training\/cco\/atc\/facts\/press_archive\/RNZ4_03_2010.pdf\" target=\"_blank\">Treffpunkt f\u00fcr die Spitzenwissenschaftler<\/a><br>Rhein-Neckar-Zeitung, 10 March 2010<\/p>\n\n\n\n<p><a rel=\"noreferrer noopener\" href=\"https:\/\/www.embl.de\/training\/cco\/atc\/facts\/press_archive\/MaMo_03_2010.pdf\" target=\"_blank\">Neue Heimat f\u00fcr kluge K\u00f6pfe<\/a><br>Mannheimer Morgen, 10 March 2010<\/p>\n\n\n\n<p>New training and conference centre for the life sciences at EMBL in Heidelberg<br>EMBL, 9 March 2010<\/p>\n\n\n\n<p><\/p>\n\n<\/div>\n<\/details>\n\n\n\n<details  class=\"vf-details\" id=\"\"  >\n<summary class=\"vf-details--summary\">\n2009 \u2013 2008<\/summary>\n<div class=\"acf-innerblocks-container\">\n\n<p><a rel=\"noreferrer noopener\" href=\"https:\/\/www.embl.de\/training\/cco\/atc\/facts\/press_archive\/Nature_02_2009.pdf\" target=\"_blank\">EMBL offers lab training in Europe<\/a><br>Nature, 26 February 2009<\/p>\n\n\n\n<p><a rel=\"noreferrer noopener\" href=\"https:\/\/www.embl.de\/training\/cco\/atc\/facts\/press_archive\/RNZ_09_2008.pdf\" target=\"_blank\">Die k\u00fchnen Spiralen wachsen<\/a><br>Rhein-Neckar-Zeitung, 26 September 2008<\/p>\n\n\n\n<p>A top ceremony for the Advanced Training Centre<br>EMBL, 25 September 2008<\/p>\n\n\n\n<p><\/p>\n\n<\/div>\n<\/details>\n\n\n\n<details  class=\"vf-details\" id=\"\"  >\n<summary class=\"vf-details--summary\">\n2007 \u2013 2006<\/summary>\n<div class=\"acf-innerblocks-container\">\n\n<p><a rel=\"noreferrer noopener\" href=\"http:\/\/www.morgenweb.de\/service\/archiv\/artikel\/622647413.html\" target=\"_blank\">Hopp spendet f\u00fcr Lern-Zentrum<\/a><br>Mannheimer Morgen, 23 May 2007<\/p>\n\n\n\n<p><a rel=\"noreferrer noopener\" href=\"https:\/\/www.embl.de\/training\/cco\/atc\/facts\/press_archive\/RNZ3_03_2010.jpg\" target=\"_blank\">Investoren sind scharf auf die Region<\/a><br>Rhein-Neckar-Zeitung, 25 October 2006<\/p>\n\n\n\n<p><a rel=\"noreferrer noopener\" href=\"https:\/\/www.embl.de\/training\/cco\/atc\/facts\/press_archive\/FAZ_10_2006.jpg\" target=\"_blank\">Vorsprung durch Training<\/a><br>Frankfurter Allgemeine Zeitung, 17 October 2006<\/p>\n\n\n\n<p><a rel=\"noreferrer noopener\" href=\"https:\/\/www.embl.de\/training\/cco\/atc\/facts\/press_archive\/RNZ2_03_2010.jpg\" target=\"_blank\">Neues Podium f\u00fcr die Forschung<\/a><br>Rhein-Neckar-Zeitung, 7\/8 October 2006<\/p>\n\n\n\n<p><a rel=\"noreferrer noopener\" href=\"https:\/\/www.embl.de\/training\/cco\/atc\/facts\/press_archive\/RNZ1_03_2010.jpg\" target=\"_blank\">K\u00fchne Spiralen in die Zukunft<\/a><br>Rhein-Neckar-Zeitung, 7\/8 October 2006<\/p>\n\n\n\n<p><a rel=\"noreferrer noopener\" href=\"https:\/\/www.embl.de\/training\/cco\/atc\/facts\/press_archive\/MaMo_10_2006.jpg\" target=\"_blank\">Schavan: \u201cPerle\u201d f\u00fcgt sich in Heidelberg ein<\/a><br>Mannheimer Morgen, 7\/8 October 2006<\/p>\n\n\n\n<p><a rel=\"noreferrer noopener\" href=\"https:\/\/www.embl.de\/training\/cco\/atc\/facts\/press_archive\/AZ_10_2006.jpg\" target=\"_blank\">Lernlabors f\u00fcr Forscher<\/a><br>Allgemeine Zeitung Mainz, 7 October 2006<\/p>\n\n\n\n<p><a rel=\"noreferrer noopener\" href=\"https:\/\/www.embl.de\/training\/cco\/atc\/facts\/press_archive\/kurpfalzradio2_2006.mp3\" target=\"_blank\">Kurpfalzradio<\/a><br>6 October 2006, 13.00<\/p>\n\n\n\n<p><a rel=\"noreferrer noopener\" href=\"https:\/\/www.embl.de\/training\/cco\/atc\/facts\/press_archive\/kurpfalzradio1_2006.mp3\" target=\"_blank\">Kurpfalzradio<\/a><br>6 October 2006, 16.00<\/p>\n\n\n\n<p>Giving European science a headstart through training<br>EMBL, Heidelberg, 6 October 2006<\/p>\n\n\n\n<p><a rel=\"noreferrer noopener\" href=\"https:\/\/www.embl.de\/training\/cco\/atc\/facts\/press_archive\/IHK_Magazin_09_2006.jpg\" target=\"_blank\">Neues Ausbildungs- und Konferenzzentrum kommt nach Heidelberg<\/a><br>Wirtschaftsmagazin Rhein-Neckar (IHK Mannheim), September 2006<\/p>\n\n\n\n<p><\/p>\n\n<\/div>\n<\/details>\n\n<\/div>\n<\/div>\n\n\n<div class=\"\"><!--[vf\/content]-->\n<div class=\"vf-content\">\n\n<\/div>\n<\/div>\n<\/div>\n","protected":false},"excerpt":{"rendered":"","protected":false},"author":3,"featured_media":0,"parent":141,"menu_order":0,"comment_status":"closed","ping_status":"closed","template":"template-title-left-aligned.php","meta":{"_acf_changed":false,"footnotes":""},"embl_taxonomy":[],"class_list":["post-204","page","type-page","status-publish","hentry"],"acf":[],"embl_taxonomy_terms":[],"_links":{"self":[{"href":"https:\/\/www.embl.org\/about\/info\/course-and-conference-office\/wp-json\/wp\/v2\/pages\/204","targetHints":{"allow":["GET"]}}],"collection":[{"href":"https:\/\/www.embl.org\/about\/info\/course-and-conference-office\/wp-json\/wp\/v2\/pages"}],"about":[{"href":"https:\/\/www.embl.org\/about\/info\/course-and-conference-office\/wp-json\/wp\/v2\/types\/page"}],"author":[{"embeddable":true,"href":"https:\/\/www.embl.org\/about\/info\/course-and-conference-office\/wp-json\/wp\/v2\/users\/3"}],"replies":[{"embeddable":true,"href":"https:\/\/www.embl.org\/about\/info\/course-and-conference-office\/wp-json\/wp\/v2\/comments?post=204"}],"version-history":[{"count":16,"href":"https:\/\/www.embl.org\/about\/info\/course-and-conference-office\/wp-json\/wp\/v2\/pages\/204\/revisions"}],"predecessor-version":[{"id":228823,"href":"https:\/\/www.embl.org\/about\/info\/course-and-conference-office\/wp-json\/wp\/v2\/pages\/204\/revisions\/228823"}],"up":[{"embeddable":true,"href":"https:\/\/www.embl.org\/about\/info\/course-and-conference-office\/wp-json\/wp\/v2\/pages\/141"}],"wp:attachment":[{"href":"https:\/\/www.embl.org\/about\/info\/course-and-conference-office\/wp-json\/wp\/v2\/media?parent=204"}],"wp:term":[{"taxonomy":"embl_taxonomy","embeddable":true,"href":"https:\/\/www.embl.org\/about\/info\/course-and-conference-office\/wp-json\/wp\/v2\/embl_taxonomy?post=204"}],"curies":[{"name":"wp","href":"https:\/\/api.w.org\/{rel}","templated":true}]}}

<div class="vf-grid | vf-grid__col-3"><div class="vf-grid__col--span-2"><!--[vf/content]-->
<div class="vf-content">

<p class="vf-lede">As part of the European Molecular Biology Laboratory (EMBL), the EMBL Advanced Training Centre is an ideal venue for advanced training which is one of <a href="https://www.embl.org/about/missions/">EMBL&#8217;s five core missions</a>.</p>
<!--/vf-lede-->



<p></p>



<p>The Advanced Training Centre project was funded by generous contributions from the host country, Germany, the&nbsp;<a rel="noreferrer noopener" href="http://www.klaus-tschira-stiftung.de/" target="_blank">Klaus Tschira Foundation</a>, and the EMBL member states. The EMBL Advanced Training Centre also benefits from the support of its corporate partners through the&nbsp;<a href="https://www.embl.org/about/info/support/embl-corporate-partnership-programme/">Corporate Partnership Programme</a>.</p>



<p><strong>Quick Facts:</strong></p>



<ul class="wp-block-list"><li>The building has a total volume of 79,228 m³. This equals the contents of 240 mil. coke cans!</li><li>It takes up an effective area of 10,037 m². This equals 2 ½ football fields.</li><li>The outer surface is 4,100 m² and the glass surface is 3,200 m² (120t glass)<br>The glass surface of the dome of the Reichstag in Berlin is by comparison 3,000 m²</li><li>The ceiling height in the Foyer Auditorium is 30 m.<br>The height of the Wasserturm in Mannheim is by comparison 60 m.</li><li>The project employed 21 consultants and specialist planners,<br>and 120 building workers at the peak time</li></ul>

</div>
</div>


<div class=""><!--[vf/content]-->
<div class="vf-content">

<figure class="vf-figure wp-block-image size-full"><a href="http://medias01-web.embl.de/mediasite/SilverlightPlayer/Default.aspx?peid=aa6834d426014fdfaf2153052dbe20b51d"><img loading="lazy" decoding="async" width="375" height="215" class="vf-figure__image" src="https://www.embl.org/about/info/course-and-conference-office/wp-content/uploads/2021/03/atc-time-lapse.jpg" alt="" class="wp-image-2470" srcset="https://www.embl.org/about/info/course-and-conference-office/wp-content/uploads/2021/03/atc-time-lapse.jpg 375w, https://www.embl.org/about/info/course-and-conference-office/wp-content/uploads/2021/03/atc-time-lapse-300x172.jpg 300w" sizes="auto, (max-width: 375px) 100vw, 375px" /></a><figcaption class="vf-figure__caption">Watch the time lapse movie of the construction progress</figcaption></figure>



<p></p>

</div>
</div>
</div>



<div class="vf-grid | vf-grid__col-3"><div class=""><!--[vf/content]-->
<div class="vf-content">

<figure class="vf-figure wp-block-image size-large"><a href="https://www.embl.org/about/info/course-and-conference-office/wp-content/uploads/2020/08/construction1_large.jpg"><img loading="lazy" decoding="async" width="800" height="533" class="vf-figure__image" src="https://www.embl.org/about/info/course-and-conference-office/wp-content/uploads/2020/08/construction1_large.jpg" alt="" class="wp-image-207" srcset="https://www.embl.org/about/info/course-and-conference-office/wp-content/uploads/2020/08/construction1_large.jpg 800w, https://www.embl.org/about/info/course-and-conference-office/wp-content/uploads/2020/08/construction1_large-300x200.jpg 300w, https://www.embl.org/about/info/course-and-conference-office/wp-content/uploads/2020/08/construction1_large-768x512.jpg 768w" sizes="auto, (max-width: 800px) 100vw, 800px" /></a><figcaption class="vf-figure__caption">ATC construction site</figcaption></figure>

</div>
</div>


<div class=""><!--[vf/content]-->
<div class="vf-content">

<figure class="vf-figure wp-block-image size-large"><a href="https://www.embl.org/about/info/course-and-conference-office/wp-content/uploads/2020/08/construction2_large.jpg"><img loading="lazy" decoding="async" width="800" height="534" class="vf-figure__image" src="https://www.embl.org/about/info/course-and-conference-office/wp-content/uploads/2020/08/construction2_large.jpg" alt="" class="wp-image-206" srcset="https://www.embl.org/about/info/course-and-conference-office/wp-content/uploads/2020/08/construction2_large.jpg 800w, https://www.embl.org/about/info/course-and-conference-office/wp-content/uploads/2020/08/construction2_large-300x200.jpg 300w, https://www.embl.org/about/info/course-and-conference-office/wp-content/uploads/2020/08/construction2_large-768x513.jpg 768w" sizes="auto, (max-width: 800px) 100vw, 800px" /></a><figcaption class="vf-figure__caption">ATC construction site</figcaption></figure>

</div>
</div>


<div class=""><!--[vf/content]-->
<div class="vf-content">

<figure class="vf-figure wp-block-image size-large"><a href="https://www.embl.org/about/info/course-and-conference-office/wp-content/uploads/2020/08/construction3_large.jpg"><img loading="lazy" decoding="async" width="800" height="533" class="vf-figure__image" src="https://www.embl.org/about/info/course-and-conference-office/wp-content/uploads/2020/08/construction3_large.jpg" alt="" class="wp-image-205" srcset="https://www.embl.org/about/info/course-and-conference-office/wp-content/uploads/2020/08/construction3_large.jpg 800w, https://www.embl.org/about/info/course-and-conference-office/wp-content/uploads/2020/08/construction3_large-300x200.jpg 300w, https://www.embl.org/about/info/course-and-conference-office/wp-content/uploads/2020/08/construction3_large-768x512.jpg 768w" sizes="auto, (max-width: 800px) 100vw, 800px" /></a><figcaption class="vf-figure__caption">ATC construction site</figcaption></figure>

</div>
</div>
</div>



<div class="vf-grid | vf-grid__col-3"><div class="vf-grid__col--span-2"><!--[vf/content]-->
<div class="vf-content">

<h3 class="wp-block-heading">Press archive</h3>



<details  class="vf-details" id=""  >
<summary class="vf-details--summary">
2011 –  2010</summary>
<div class="acf-innerblocks-container">

<p><a rel="noreferrer noopener" href="https://www.embl.de/training/cco/atc/facts/press_archive/IHK_Magazin_04_2011.pdf" target="_blank">Die Kongresslandschat blüht wieder auf</a><br>IHK Magazin Rhein-Neckar, April 2011</p>



<p><a rel="noreferrer noopener" href="https://www.embl.de/training/cco/atc/facts/press_archive/TW_02_2011.pdf" target="_blank">Studienreise Metropolregion Rhein-Neckar</a><br>TW TagungsWirtschaft, February 2011</p>



<p><a rel="noreferrer noopener" href="https://www.embl.de/training/cco/atc/facts/press_archive/RNZ5_03_2010.pdf" target="_blank">Für die klügsten Köpfe der Welt</a><br>Rhein-Neckar-Zeitung, 10 March 2010</p>



<p><a rel="noreferrer noopener" href="https://www.embl.de/training/cco/atc/facts/press_archive/RNZ4_03_2010.pdf" target="_blank">Treffpunkt für die Spitzenwissenschaftler</a><br>Rhein-Neckar-Zeitung, 10 March 2010</p>



<p><a rel="noreferrer noopener" href="https://www.embl.de/training/cco/atc/facts/press_archive/MaMo_03_2010.pdf" target="_blank">Neue Heimat für kluge Köpfe</a><br>Mannheimer Morgen, 10 March 2010</p>



<p>New training and conference centre for the life sciences at EMBL in Heidelberg<br>EMBL, 9 March 2010</p>



<p></p>

</div>
</details>



<details  class="vf-details" id=""  >
<summary class="vf-details--summary">
2009 – 2008</summary>
<div class="acf-innerblocks-container">

<p><a rel="noreferrer noopener" href="https://www.embl.de/training/cco/atc/facts/press_archive/Nature_02_2009.pdf" target="_blank">EMBL offers lab training in Europe</a><br>Nature, 26 February 2009</p>



<p><a rel="noreferrer noopener" href="https://www.embl.de/training/cco/atc/facts/press_archive/RNZ_09_2008.pdf" target="_blank">Die kühnen Spiralen wachsen</a><br>Rhein-Neckar-Zeitung, 26 September 2008</p>



<p>A top ceremony for the Advanced Training Centre<br>EMBL, 25 September 2008</p>



<p></p>

</div>
</details>



<details  class="vf-details" id=""  >
<summary class="vf-details--summary">
2007 – 2006</summary>
<div class="acf-innerblocks-container">

<p><a rel="noreferrer noopener" href="http://www.morgenweb.de/service/archiv/artikel/622647413.html" target="_blank">Hopp spendet für Lern-Zentrum</a><br>Mannheimer Morgen, 23 May 2007</p>



<p><a rel="noreferrer noopener" href="https://www.embl.de/training/cco/atc/facts/press_archive/RNZ3_03_2010.jpg" target="_blank">Investoren sind scharf auf die Region</a><br>Rhein-Neckar-Zeitung, 25 October 2006</p>



<p><a rel="noreferrer noopener" href="https://www.embl.de/training/cco/atc/facts/press_archive/FAZ_10_2006.jpg" target="_blank">Vorsprung durch Training</a><br>Frankfurter Allgemeine Zeitung, 17 October 2006</p>



<p><a rel="noreferrer noopener" href="https://www.embl.de/training/cco/atc/facts/press_archive/RNZ2_03_2010.jpg" target="_blank">Neues Podium für die Forschung</a><br>Rhein-Neckar-Zeitung, 7/8 October 2006</p>



<p><a rel="noreferrer noopener" href="https://www.embl.de/training/cco/atc/facts/press_archive/RNZ1_03_2010.jpg" target="_blank">Kühne Spiralen in die Zukunft</a><br>Rhein-Neckar-Zeitung, 7/8 October 2006</p>



<p><a rel="noreferrer noopener" href="https://www.embl.de/training/cco/atc/facts/press_archive/MaMo_10_2006.jpg" target="_blank">Schavan: “Perle” fügt sich in Heidelberg ein</a><br>Mannheimer Morgen, 7/8 October 2006</p>



<p><a rel="noreferrer noopener" href="https://www.embl.de/training/cco/atc/facts/press_archive/AZ_10_2006.jpg" target="_blank">Lernlabors für Forscher</a><br>Allgemeine Zeitung Mainz, 7 October 2006</p>



<p><a rel="noreferrer noopener" href="https://www.embl.de/training/cco/atc/facts/press_archive/kurpfalzradio2_2006.mp3" target="_blank">Kurpfalzradio</a><br>6 October 2006, 13.00</p>



<p><a rel="noreferrer noopener" href="https://www.embl.de/training/cco/atc/facts/press_archive/kurpfalzradio1_2006.mp3" target="_blank">Kurpfalzradio</a><br>6 October 2006, 16.00</p>



<p>Giving European science a headstart through training<br>EMBL, Heidelberg, 6 October 2006</p>



<p><a rel="noreferrer noopener" href="https://www.embl.de/training/cco/atc/facts/press_archive/IHK_Magazin_09_2006.jpg" target="_blank">Neues Ausbildungs- und Konferenzzentrum kommt nach Heidelberg</a><br>Wirtschaftsmagazin Rhein-Neckar (IHK Mannheim), September 2006</p>



<p></p>

</div>
</details>

</div>
</div>


<div class=""><!--[vf/content]-->
<div class="vf-content">

</div>
</div>
</div>
