{"id":311,"date":"2021-04-28T13:27:25","date_gmt":"2021-04-28T13:27:25","guid":{"rendered":"https:\/\/www.embl.org\/about\/info\/archive\/?page_id=311"},"modified":"2021-07-09T12:04:41","modified_gmt":"2021-07-09T12:04:41","slug":"third-workshop","status":"publish","type":"page","link":"https:\/\/www.embl.org\/about\/info\/archive\/science-and-archives\/third-workshop\/","title":{"rendered":"Third Workshop"},"content":{"rendered":"\n  <div class=\"vf-grid\">\n\n<header class=\"vf-page-header\">\n    <h1 class=\"vf-page-header__heading\">Third Workshop<\/h1>\n        <span class=\"vf-page-header__sub-heading\">Hamburg, 2021<\/span>\n    <\/header>\n\n  <\/div>\n\n\n\n<div class=\"vf-grid | vf-grid__col-3\"><div class=\"vf-grid__col--span-2\"><!--[vf\/content]-->\n<div class=\"vf-content\">\n\n<p>The third workshop took place virtually on 22-24 June 2021, hosted by the <a rel=\"noreferrer noopener\" href=\"https:\/\/www.xfel.eu\/index_eng.html\" target=\"_blank\">European XFEL<\/a>.<\/p>\n\n\n\n<h3 class=\"wp-block-heading\">Programme<\/h3>\n\n\n\n<h4 class=\"wp-block-heading\">Session 1: Scientific Archives\/Scientific Data: Capturing the Process of Science<\/h4>\n\n\n\n<p>&#8220;Processing of scientific archives in a French university: The case of Pr Henri Danan\u2019s\/Pierre Weiss laboratory\u2019s fond&#8221; &#8211; Alice Perrin, Universit\u00e9 Jean Moulin Lyon 3 and Lucile Schirr, Universit\u00e9 de Strasbourg<br>&#8220;The Niels Bohr Archive: Past, Present, and Future&#8221; &#8211; Christian Joas and Rob Sunderland, Niels Bohr Archive, Copenhagen<br>&#8220;Personal archives of researchers of the North of Russia: creation, preservation, information potential&#8221; &#8211; Alexandra Brovina, Federal Research Centre \u201cKomi Science Centre of the Ural Branch of the Russian Academy of Sciences\u201d<\/p>\n\n\n\n<h4 class=\"wp-block-heading\">Breakout Session<\/h4>\n\n\n\n<p>&#8220;How do we solve a problem like appraisal\/retention\/sciencing?&#8221;<br>Anne-Flore Lalo\u00eb, EMBL, Mariella Soprano, Caltech, and Venkat Srinivasan, Archives at NCBS<\/p>\n\n\n\n<h4 class=\"wp-block-heading\">Session 2<\/h4>\n\n\n\n<p>&#8220;The Scientific Data Archives of the Old Geophysical Institute of the University of Coimbra: How to preserve and make them available and workable for the current geoscientist community?&#8221; &#8211; Fernando B. Figueiredo, Paulo Ribeiro, University of Coimbra, Portugal<br>&#8220;Archiving scientific and research data in government: a motley of memory practices&#8221; &#8211; Jennifer Cuffe, Library and Archives Canada<br>&#8220;Scientific Heritage in the Age of Big Data and Open Science: What to Collect, How to Describe, Where to Provide Access&#8221; &#8211; Polina Ilieva, University of California, San Francisco (UCSF)<\/p>\n\n\n\n<p><em>Discussion<\/em><br>Discussion about &#8220;<a rel=\"noreferrer noopener\" href=\"https:\/\/www.imdb.com\/title\/tt13239846\/\" target=\"_blank\">Cyclotron<\/a>&#8221; documentary, with Jahnavi Phalkey, Director, Science Gallery Bengalaru<br>Chair: Brigitte Van Tiggelen, Science History Institute<\/p>\n\n\n\n<h4 class=\"wp-block-heading\">Session 3: Keynote<\/h4>\n\n\n\n<p>Science journalist <a rel=\"noreferrer noopener\" href=\"https:\/\/www.angelasaini.co.uk\" target=\"_blank\">Angela Saini<\/a> will talk about archives, science and diversity<\/p>\n\n\n\n<h4 class=\"wp-block-heading\">Session 4: Roundtable discussion with scientists<\/h4>\n\n\n\n<p>Steve Aplin, EuXFEL, Germany<br>Rebecca Boll, EuXFEL, Germany<br>Robert Feidenhans\u2019l, EuXFEL, Germany<\/p>\n\n\n\n<h4 class=\"wp-block-heading\">Session 5<\/h4>\n\n\n\n<p>&#8220;Access to scientific archives&#8221; &#8211; Dorothy Leung, SLAC National Accelerator Laboratory<br>&#8220;Enabling future access to the Center for History of Science in Stockholm&#8221; &#8211; Karl Grandin, Maria Asp, Royal Swedish Academy of Sciences<br>&#8220;Engagement with environmental science researchers at the UK Natural Environment Research Council Environmental Data Centres&#8221; &#8211; Jaana Pinnick, Poppy Townsend, Kate Harrison, Katy Buckland, NERC Environmental Data Service<\/p>\n\n\n\n<h4 class=\"wp-block-heading\">Session 6<\/h4>\n\n\n\n<p>&#8220;Community Archives &amp; prospects for Science engagements: Reflections from the Philippines&#8221; &#8211; Leah Abayao, University of the Philippines<br>&#8220;Building an Institutional Archive of Science and Technology in India: Processes and Challenges&#8221; &#8211; Ponnarasu S., Indian Institute of Technology, Madras<br>&#8220;The involvement of archivists from French universities and research organizations in the development of open science through the work of the AURORE section of the Association des archivistes fran\u00e7ais&#8221; &#8211; H\u00e9l\u00e8ne Chambrefort, Inserm, Sarah Cadorel and INALCO, Oc\u00e9ane Valencia, Sorbonne universit\u00e9<\/p>\n\n\n\n<h4 class=\"wp-block-heading\">Session 7<\/h4>\n\n\n\n<p>&#8220;Archives as Crucible, Archives as Commons&#8221; &#8211; Venkat Srinivasan, Archives at the National Centre for Biological Sciences. Bangalore, India<br>&#8220;\u2018What are they hiding from us?\u2019 Eugenics archives and conspiracy theories&#8221; &#8211; Maria Kiladi, University College London (UCL)<br>&#8220;Records of assisted reproduction: the Papers of Robert Edwards at Churchill Archives Centre and the Lesley Brown Collection at Bristol Archives&#8221; &#8211; Madelin Evans, Churchill Archives Centre, Allie Dillon, Bristol Archives<\/p>\n\n<\/div>\n<\/div>\n\n\n<div><!--[vf\/content]-->\n<div class=\"vf-content\">\n\n<p><\/p>\n\n<\/div>\n<\/div>\n<\/div>\n","protected":false},"excerpt":{"rendered":"","protected":false},"author":1,"featured_media":0,"parent":118,"menu_order":0,"comment_status":"closed","ping_status":"closed","template":"","meta":{"_acf_changed":false,"footnotes":""},"embl_taxonomy":[],"class_list":["post-311","page","type-page","status-publish","hentry"],"acf":[],"embl_taxonomy_terms":[],"_links":{"self":[{"href":"https:\/\/www.embl.org\/about\/info\/archive\/wp-json\/wp\/v2\/pages\/311","targetHints":{"allow":["GET"]}}],"collection":[{"href":"https:\/\/www.embl.org\/about\/info\/archive\/wp-json\/wp\/v2\/pages"}],"about":[{"href":"https:\/\/www.embl.org\/about\/info\/archive\/wp-json\/wp\/v2\/types\/page"}],"author":[{"embeddable":true,"href":"https:\/\/www.embl.org\/about\/info\/archive\/wp-json\/wp\/v2\/users\/1"}],"replies":[{"embeddable":true,"href":"https:\/\/www.embl.org\/about\/info\/archive\/wp-json\/wp\/v2\/comments?post=311"}],"version-history":[{"count":7,"href":"https:\/\/www.embl.org\/about\/info\/archive\/wp-json\/wp\/v2\/pages\/311\/revisions"}],"predecessor-version":[{"id":464,"href":"https:\/\/www.embl.org\/about\/info\/archive\/wp-json\/wp\/v2\/pages\/311\/revisions\/464"}],"up":[{"embeddable":true,"href":"https:\/\/www.embl.org\/about\/info\/archive\/wp-json\/wp\/v2\/pages\/118"}],"wp:attachment":[{"href":"https:\/\/www.embl.org\/about\/info\/archive\/wp-json\/wp\/v2\/media?parent=311"}],"wp:term":[{"taxonomy":"embl_taxonomy","embeddable":true,"href":"https:\/\/www.embl.org\/about\/info\/archive\/wp-json\/wp\/v2\/embl_taxonomy?post=311"}],"curies":[{"name":"wp","href":"https:\/\/api.w.org\/{rel}","templated":true}]}}