{"id":6078,"date":"2021-08-05T11:43:17","date_gmt":"2021-08-05T11:43:17","guid":{"rendered":"https:\/\/www.embl.org\/about\/info\/alumni\/?page_id=6078"},"modified":"2023-05-08T14:29:56","modified_gmt":"2023-05-08T14:29:56","slug":"embl-in-sweden-2019","status":"publish","type":"page","link":"https:\/\/www.embl.org\/about\/info\/alumni\/embl-in-events\/embl-in-sweden\/embl-in-sweden-2019\/","title":{"rendered":"EMBL in&#8230; Sweden 2019"},"content":{"rendered":"\n<div class=\"vf-grid | vf-grid__col-3\"><div class=\"vf-grid__col--span-2\"><!--[vf\/content]-->\n<div class=\"vf-content\">\n\n<h3 class=\"wp-block-heading\"><strong>Imaging from atoms to cells<br>Academicum, University of Gothenburg<\/strong><\/h3>\n\n\n\n<figure class=\"vf-figure wp-block-image size-large\"><img loading=\"lazy\" decoding=\"async\" width=\"563\" height=\"286\" class=\"vf-figure__image\" src=\"https:\/\/www.embl.org\/about\/info\/alumni\/wp-content\/uploads\/2021\/08\/96_gothenburg.jpg\" alt=\"\" class=\"wp-image-6080\" srcset=\"https:\/\/www.embl.org\/about\/info\/alumni\/wp-content\/uploads\/2021\/08\/96_gothenburg.jpg 563w, https:\/\/www.embl.org\/about\/info\/alumni\/wp-content\/uploads\/2021\/08\/96_gothenburg-300x152.jpg 300w\" sizes=\"auto, (max-width: 563px) 100vw, 563px\" \/><\/figure>\n\n<\/div>\n<\/div>\n\n\n<div class=\"\"><!--[vf\/content]-->\n<div class=\"vf-content\">\n\n<\/div>\n<\/div>\n<\/div>\n\n\n\n<div class=\"vf-grid | vf-grid__col-3\"><div class=\"vf-grid__col--span-2\"><!--[vf\/content]-->\n<div class=\"vf-content\">\n\n<p>Registration is free and open to all students, pre- and postdoctoral fellows, researchers, professors and senior scientists in academia and industry in Sweden and beyond.&nbsp;The programme will feature an exciting day of talks and discussions about scientific opportunities and resources available at EMBL and in Sweden with special focus on imaging. The event offers a platform to strengthen ties and explore collaborations with the EMBL community and science researchers from across the nordic countries. We encourage you to join us especially if you are interested in international research.<\/p>\n\n<\/div>\n<\/div>\n\n\n<div class=\"\"><!--[vf\/content]-->\n<div class=\"vf-content\">\n\n<\/div>\n<\/div>\n<\/div>\n\n\n\n<div class=\"vf-grid | vf-grid__col-3\"><div class=\"vf-grid__col--span-2\"><!--[vf\/content]-->\n<div class=\"vf-content\">\n\n<div class=\"vf-tabs\"><ul class=\"vf-tabs__list\" data-vf-js-tabs=\"true\"><li class=\"vf-tabs__item\"><a class=\"vf-tabs__link\" href=\"#vf-tabs__section-1ea8a2aa-53fc-437e-84c2-b803ba074699\" data-vf-js-location-nearest-activation-target=\"\">Programme<\/a><\/li><li class=\"vf-tabs__item\"><a class=\"vf-tabs__link\" href=\"#vf-tabs__section-19bca824-d1a3-4df6-b117-d6a016eecd1c\" data-vf-js-location-nearest-activation-target=\"\">Venue<\/a><\/li><li class=\"vf-tabs__item\"><a class=\"vf-tabs__link\" href=\"#vf-tabs__section-5d151102-3126-4816-91d1-c9ad56bae2e8\" data-vf-js-location-nearest-activation-target=\"\">Travel grants<\/a><\/li><\/ul><div class=\"vf-tabs-content\" data-vf-js-tabs-content=\"true\">\n<section class=\"vf-tabs__section\" id=\"vf-tabs__section-1ea8a2aa-53fc-437e-84c2-b803ba074699\"><h2>Programme<\/h2>\n<figure class=\"wp-block-table is-style-regular\"><table><tbody><tr><td><strong>Friday 18 October 2019<\/strong><br><br><\/td><td><\/td><\/tr><tr><td><strong>12:00-13:00&nbsp;<\/strong><\/td><td><strong>Registration, lunch and networking<\/strong><\/td><\/tr><tr><td><strong>13:00-14:30<\/strong><\/td><td><strong>Session 1: Molecules to macromolecules<br><\/strong><br>&#8211; Chair: Morten Gr\u00f6tli, Professor, University of Gothenburg<br>&#8211; Welcome by the EMBL in Sweden Co-organisers<br>&#8211; Rainer Pepperkok, Director of Scientific Core Facilities and Scientific Services, Team Leader and Senior Scientist, Head of Advanced Light Microscopy Core Facility, EMBL, Heidelberg<br>&#8211; G\u00f6ran Karlsson, Director, Swedish NMR Center, University of Gothenburg<br>&#8211; Linda Sandblad,&nbsp;Assistant Professor and&nbsp;Head of Core Facility for Electron Microscopy, Ume\u00e5 University<br>&#8211; Johanna H\u00f6\u00f6g,&nbsp;Associate Professor of Cell Biology, University of Gothenburg<\/td><\/tr><tr><td><strong>14:30-15:00 &nbsp;<\/strong><\/td><td><strong>Coffee break and networking<\/strong><\/td><\/tr><tr><td><strong><strong>15:00-16:00<\/strong><\/strong><\/td><td><strong>Session 2: Macromolecules to cells<\/strong><br>&#8211; Chair:&nbsp;Carolina T\u00e4ngemo, Senior Scientist, Discovery Sciences, AstraZeneca, Gothenburg<br>&#8211; Anna Kreshuk, Group Leader, EMBL, Heidelberg<br>&#8211; Nils Norlin, Assistant Professor, Karolinska Institute, Stockholm<br>&#8211; Johan Ledin, Associate Professor &amp; Director, SciLife Lab Facility Genome Engineering Zebrafish, University of Uppsala<\/td><\/tr><tr><td><strong>16:00-17:10&nbsp;<\/strong><\/td><td><strong>Session 3 Resources &#8211; the big picture<br>Panel discussion on the EMBL PhD Programme<br><\/strong><br>&#8211; Monika Lachner,&nbsp;Head of Internal Scientific Training and Dean of Graduate Studies, EMBL, Heidelberg<br>&#8211; Niklas Blomberg, ELIXIR Director, Hinxton<br>&#8211; Morten Gr\u00f6tli, Professor, University of Gothenburg<br><br><strong>Closing remarks<\/strong><br>&#8211; Maria Thuveson, Director, Department of Research Funding, Swedish Research Council and EMBL Council Delegate, Stockholm<br>&#8211; Mehrnoosh Rayner, Head of Alumni Relations EMBL<\/td><\/tr><tr><td><strong>17:10-18:00<\/strong><\/td><td><strong>Drinks reception and networking<\/strong><\/td><\/tr><tr><td><strong>18:30 onwards<\/strong><\/td><td><strong>Thank you dinner for speakers at&nbsp;<a rel=\"noreferrer noopener\" href=\"https:\/\/thornstromskok.com\/en\/\" target=\"_blank\">Th\u00f6rnstr\u00f6ms K\u00f6k<\/a>&nbsp;(participants welcome at own cost)<\/strong><\/td><\/tr><\/tbody><\/table><\/figure>\n<\/section>\n\n\n\n<section class=\"vf-tabs__section\" id=\"vf-tabs__section-19bca824-d1a3-4df6-b117-d6a016eecd1c\"><h2>Venue<\/h2>\n<p>University of Gothenburg, Arvid Carlsson Lecture Hall, Academicum, Medicinaregatan 3, 41390, Gothenburg<\/p>\n<\/section>\n\n\n\n<section class=\"vf-tabs__section\" id=\"vf-tabs__section-5d151102-3126-4816-91d1-c9ad56bae2e8\"><h2>Travel grants<\/h2>\n<p><strong>Travel grants are available&nbsp;<\/strong>from the NDIPA for pre- and postdocs in Sweden. Please contact&nbsp;<a rel=\"noreferrer noopener\" href=\"mailto:eva-maria.diehl@umu.se\" target=\"_blank\">Eva-Maria Diehl<\/a>&nbsp;about this.<\/p>\n<\/section>\n<\/div><\/div>\n\n<\/div>\n<\/div>\n\n\n<div class=\"\"><!--[vf\/content]-->\n<div class=\"vf-content\">\n\n<\/div>\n<\/div>\n<\/div>\n","protected":false},"excerpt":{"rendered":"","protected":false},"author":8,"featured_media":0,"parent":4478,"menu_order":0,"comment_status":"closed","ping_status":"closed","template":"template-title-left-aligned.php","meta":{"_acf_changed":false,"footnotes":""},"embl_taxonomy":[],"class_list":["post-6078","page","type-page","status-publish","hentry"],"acf":[],"embl_taxonomy_terms":[],"_links":{"self":[{"href":"https:\/\/www.embl.org\/about\/info\/alumni\/wp-json\/wp\/v2\/pages\/6078","targetHints":{"allow":["GET"]}}],"collection":[{"href":"https:\/\/www.embl.org\/about\/info\/alumni\/wp-json\/wp\/v2\/pages"}],"about":[{"href":"https:\/\/www.embl.org\/about\/info\/alumni\/wp-json\/wp\/v2\/types\/page"}],"author":[{"embeddable":true,"href":"https:\/\/www.embl.org\/about\/info\/alumni\/wp-json\/wp\/v2\/users\/8"}],"replies":[{"embeddable":true,"href":"https:\/\/www.embl.org\/about\/info\/alumni\/wp-json\/wp\/v2\/comments?post=6078"}],"version-history":[{"count":6,"href":"https:\/\/www.embl.org\/about\/info\/alumni\/wp-json\/wp\/v2\/pages\/6078\/revisions"}],"predecessor-version":[{"id":22218,"href":"https:\/\/www.embl.org\/about\/info\/alumni\/wp-json\/wp\/v2\/pages\/6078\/revisions\/22218"}],"up":[{"embeddable":true,"href":"https:\/\/www.embl.org\/about\/info\/alumni\/wp-json\/wp\/v2\/pages\/4478"}],"wp:attachment":[{"href":"https:\/\/www.embl.org\/about\/info\/alumni\/wp-json\/wp\/v2\/media?parent=6078"}],"wp:term":[{"taxonomy":"embl_taxonomy","embeddable":true,"href":"https:\/\/www.embl.org\/about\/info\/alumni\/wp-json\/wp\/v2\/embl_taxonomy?post=6078"}],"curies":[{"name":"wp","href":"https:\/\/api.w.org\/{rel}","templated":true}]}}

<div class="vf-grid | vf-grid__col-3"><div class="vf-grid__col--span-2"><!--[vf/content]-->
<div class="vf-content">

<h3 class="wp-block-heading"><strong>Imaging from atoms to cells<br>Academicum, University of Gothenburg</strong></h3>



<figure class="vf-figure wp-block-image size-large"><img loading="lazy" decoding="async" width="563" height="286" class="vf-figure__image" src="https://www.embl.org/about/info/alumni/wp-content/uploads/2021/08/96_gothenburg.jpg" alt="" class="wp-image-6080" srcset="https://www.embl.org/about/info/alumni/wp-content/uploads/2021/08/96_gothenburg.jpg 563w, https://www.embl.org/about/info/alumni/wp-content/uploads/2021/08/96_gothenburg-300x152.jpg 300w" sizes="auto, (max-width: 563px) 100vw, 563px" /></figure>

</div>
</div>


<div class=""><!--[vf/content]-->
<div class="vf-content">

</div>
</div>
</div>



<div class="vf-grid | vf-grid__col-3"><div class="vf-grid__col--span-2"><!--[vf/content]-->
<div class="vf-content">

<p>Registration is free and open to all students, pre- and postdoctoral fellows, researchers, professors and senior scientists in academia and industry in Sweden and beyond.&nbsp;The programme will feature an exciting day of talks and discussions about scientific opportunities and resources available at EMBL and in Sweden with special focus on imaging. The event offers a platform to strengthen ties and explore collaborations with the EMBL community and science researchers from across the nordic countries. We encourage you to join us especially if you are interested in international research.</p>

</div>
</div>


<div class=""><!--[vf/content]-->
<div class="vf-content">

</div>
</div>
</div>



<div class="vf-grid | vf-grid__col-3"><div class="vf-grid__col--span-2"><!--[vf/content]-->
<div class="vf-content">

<div class="vf-tabs"><ul class="vf-tabs__list" data-vf-js-tabs="true"><li class="vf-tabs__item"><a class="vf-tabs__link" href="#vf-tabs__section-1ea8a2aa-53fc-437e-84c2-b803ba074699" data-vf-js-location-nearest-activation-target="">Programme</a></li><li class="vf-tabs__item"><a class="vf-tabs__link" href="#vf-tabs__section-19bca824-d1a3-4df6-b117-d6a016eecd1c" data-vf-js-location-nearest-activation-target="">Venue</a></li><li class="vf-tabs__item"><a class="vf-tabs__link" href="#vf-tabs__section-5d151102-3126-4816-91d1-c9ad56bae2e8" data-vf-js-location-nearest-activation-target="">Travel grants</a></li></ul><div class="vf-tabs-content" data-vf-js-tabs-content="true">
<section class="vf-tabs__section" id="vf-tabs__section-1ea8a2aa-53fc-437e-84c2-b803ba074699"><h2>Programme</h2>
<figure class="wp-block-table is-style-regular"><table><tbody><tr><td><strong>Friday 18 October 2019</strong><br><br></td><td></td></tr><tr><td><strong>12:00-13:00&nbsp;</strong></td><td><strong>Registration, lunch and networking</strong></td></tr><tr><td><strong>13:00-14:30</strong></td><td><strong>Session 1: Molecules to macromolecules<br></strong><br>&#8211; Chair: Morten Grötli, Professor, University of Gothenburg<br>&#8211; Welcome by the EMBL in Sweden Co-organisers<br>&#8211; Rainer Pepperkok, Director of Scientific Core Facilities and Scientific Services, Team Leader and Senior Scientist, Head of Advanced Light Microscopy Core Facility, EMBL, Heidelberg<br>&#8211; Göran Karlsson, Director, Swedish NMR Center, University of Gothenburg<br>&#8211; Linda Sandblad,&nbsp;Assistant Professor and&nbsp;Head of Core Facility for Electron Microscopy, Umeå University<br>&#8211; Johanna Höög,&nbsp;Associate Professor of Cell Biology, University of Gothenburg</td></tr><tr><td><strong>14:30-15:00 &nbsp;</strong></td><td><strong>Coffee break and networking</strong></td></tr><tr><td><strong><strong>15:00-16:00</strong></strong></td><td><strong>Session 2: Macromolecules to cells</strong><br>&#8211; Chair:&nbsp;Carolina Tängemo, Senior Scientist, Discovery Sciences, AstraZeneca, Gothenburg<br>&#8211; Anna Kreshuk, Group Leader, EMBL, Heidelberg<br>&#8211; Nils Norlin, Assistant Professor, Karolinska Institute, Stockholm<br>&#8211; Johan Ledin, Associate Professor &amp; Director, SciLife Lab Facility Genome Engineering Zebrafish, University of Uppsala</td></tr><tr><td><strong>16:00-17:10&nbsp;</strong></td><td><strong>Session 3 Resources &#8211; the big picture<br>Panel discussion on the EMBL PhD Programme<br></strong><br>&#8211; Monika Lachner,&nbsp;Head of Internal Scientific Training and Dean of Graduate Studies, EMBL, Heidelberg<br>&#8211; Niklas Blomberg, ELIXIR Director, Hinxton<br>&#8211; Morten Grötli, Professor, University of Gothenburg<br><br><strong>Closing remarks</strong><br>&#8211; Maria Thuveson, Director, Department of Research Funding, Swedish Research Council and EMBL Council Delegate, Stockholm<br>&#8211; Mehrnoosh Rayner, Head of Alumni Relations EMBL</td></tr><tr><td><strong>17:10-18:00</strong></td><td><strong>Drinks reception and networking</strong></td></tr><tr><td><strong>18:30 onwards</strong></td><td><strong>Thank you dinner for speakers at&nbsp;<a rel="noreferrer noopener" href="https://thornstromskok.com/en/" target="_blank">Thörnströms Kök</a>&nbsp;(participants welcome at own cost)</strong></td></tr></tbody></table></figure>
</section>



<section class="vf-tabs__section" id="vf-tabs__section-19bca824-d1a3-4df6-b117-d6a016eecd1c"><h2>Venue</h2>
<p>University of Gothenburg, Arvid Carlsson Lecture Hall, Academicum, Medicinaregatan 3, 41390, Gothenburg</p>
</section>



<section class="vf-tabs__section" id="vf-tabs__section-5d151102-3126-4816-91d1-c9ad56bae2e8"><h2>Travel grants</h2>
<p><strong>Travel grants are available&nbsp;</strong>from the NDIPA for pre- and postdocs in Sweden. Please contact&nbsp;<a rel="noreferrer noopener" href="mailto:eva-maria.diehl@umu.se" target="_blank">Eva-Maria Diehl</a>&nbsp;about this.</p>
</section>
</div></div>

</div>
</div>


<div class=""><!--[vf/content]-->
<div class="vf-content">

</div>
</div>
</div>
