{"id":23072,"date":"2023-06-06T09:19:41","date_gmt":"2023-06-06T09:19:41","guid":{"rendered":"https:\/\/www.embl.org\/about\/info\/alumni\/?page_id=23072"},"modified":"2023-08-03T09:20:45","modified_gmt":"2023-08-03T09:20:45","slug":"bodil-holle","status":"publish","type":"page","link":"https:\/\/www.embl.org\/about\/info\/alumni\/community\/obituaries\/bodil-holle\/","title":{"rendered":"Bodil Holle"},"content":{"rendered":"\n<div class=\"vf-grid | vf-grid__col-3\"><div class=\"vf-grid__col--span-2\"><!--[vf\/content]-->\n<div class=\"vf-content\">\n\n<h2 class=\"wp-block-heading\">Bodil Holle, former Senior Administrative Officer at EMBL Heidelberg and EMBL-EBI, died on 23 April 2023 at the age of 84.<\/h2>\n\n\n\n<p>We are deeply saddened to share the news of the loss of Bodil Holle.<\/p>\n\n\n\n<p>Bodil worked at EMBL for 18 years in the period between 1975-2003, first at EMBL Heidelberg and later at EMBL-EBI. She was the Safety Officer and Head of Technical Services at EMBL Heidelberg from 1975-1986, before taking position at the UN in Trieste for a decade. Bodil worked at EMBL-EBI between 1996-2000, supporting the Applied Computing and Bioinformatics department, and later Meetings and Workshops. Bodil returned to EMBL Heidelberg in 2000, where she worked for three years in the Social and General Services.<\/p>\n\n\n\n<p>Bodil worked with and helped many during her almost 20 years at EMBL. She will be missed by all who knew her. May she rest in peace.<\/p>\n\n\n<hr class=\"vf-divider\">\n\n\n<p>Mit Tr\u00e4nen liebe Bodil gedenke ich dir hier auf diesem Wege, denn ich wei\u00df, dass die Forschung dein EMBL dein erf\u00fclltes Leben war.<\/p>\n\n\n\n<p><strong>Barbara Both<\/strong><\/p>\n\n\n<hr class=\"vf-divider\">\n\n\n<h2 class=\"wp-block-heading\">Condolences<\/h2>\n\n\n\n<p>If you would like to add a message of condolence for inclusion on the&nbsp;EMBL Alumni Obituaries\u2019 page, please contact the&nbsp;<a href=\"mailto:alumni@embl.org\">Alumni Relations team<\/a>.<\/p>\n\n<\/div>\n<\/div>\n\n\n<div class=\"\"><!--[vf\/content]-->\n<div class=\"vf-content\">\n\n<figure class=\"vf-figure wp-block-image size-full\"><img loading=\"lazy\" decoding=\"async\" width=\"180\" height=\"120\" class=\"vf-figure__image\" src=\"https:\/\/www.embl.org\/about\/info\/alumni\/wp-content\/uploads\/2023\/06\/holle1.jpg\" alt=\"\" class=\"wp-image-23088\"\/><figcaption class=\"vf-figure__caption\">Bodil Holle<\/figcaption><\/figure>\n\n<\/div>\n<\/div>\n<\/div>\n","protected":false},"excerpt":{"rendered":"","protected":false},"author":5,"featured_media":0,"parent":498,"menu_order":0,"comment_status":"closed","ping_status":"closed","template":"template-title-left-aligned.php","meta":{"_acf_changed":false,"footnotes":""},"embl_taxonomy":[],"class_list":["post-23072","page","type-page","status-publish","hentry"],"acf":[],"embl_taxonomy_terms":[],"_links":{"self":[{"href":"https:\/\/www.embl.org\/about\/info\/alumni\/wp-json\/wp\/v2\/pages\/23072","targetHints":{"allow":["GET"]}}],"collection":[{"href":"https:\/\/www.embl.org\/about\/info\/alumni\/wp-json\/wp\/v2\/pages"}],"about":[{"href":"https:\/\/www.embl.org\/about\/info\/alumni\/wp-json\/wp\/v2\/types\/page"}],"author":[{"embeddable":true,"href":"https:\/\/www.embl.org\/about\/info\/alumni\/wp-json\/wp\/v2\/users\/5"}],"replies":[{"embeddable":true,"href":"https:\/\/www.embl.org\/about\/info\/alumni\/wp-json\/wp\/v2\/comments?post=23072"}],"version-history":[{"count":5,"href":"https:\/\/www.embl.org\/about\/info\/alumni\/wp-json\/wp\/v2\/pages\/23072\/revisions"}],"predecessor-version":[{"id":24806,"href":"https:\/\/www.embl.org\/about\/info\/alumni\/wp-json\/wp\/v2\/pages\/23072\/revisions\/24806"}],"up":[{"embeddable":true,"href":"https:\/\/www.embl.org\/about\/info\/alumni\/wp-json\/wp\/v2\/pages\/498"}],"wp:attachment":[{"href":"https:\/\/www.embl.org\/about\/info\/alumni\/wp-json\/wp\/v2\/media?parent=23072"}],"wp:term":[{"taxonomy":"embl_taxonomy","embeddable":true,"href":"https:\/\/www.embl.org\/about\/info\/alumni\/wp-json\/wp\/v2\/embl_taxonomy?post=23072"}],"curies":[{"name":"wp","href":"https:\/\/api.w.org\/{rel}","templated":true}]}}